CRAN Package Check Results for Package deSolve

Last updated on 2021-01-19 00:47:20 CET.

Flavor Version Tinstall Tcheck Ttotal Status Flags
r-devel-linux-x86_64-debian-clang 1.28 36.09 136.81 172.90 OK
r-devel-linux-x86_64-debian-gcc 1.28 30.36 102.27 132.63 OK
r-devel-linux-x86_64-fedora-clang 1.28 230.41 OK
r-devel-linux-x86_64-fedora-gcc 1.28 213.46 OK
r-devel-windows-ix86+x86_64 1.28 89.00 176.00 265.00 OK
r-patched-linux-x86_64 1.28 34.27 127.40 161.67 OK
r-patched-solaris-x86 1.28 242.50 OK
r-release-linux-x86_64 1.28 35.32 128.16 163.48 WARN
r-release-macos-x86_64 1.28 OK
r-release-windows-ix86+x86_64 1.28 103.00 179.00 282.00 OK
r-oldrel-macos-x86_64 1.28 OK
r-oldrel-windows-ix86+x86_64 1.28 77.00 167.00 244.00 OK

Check Details

Version: 1.28
Check: re-building of vignette outputs
Result: WARN
    Error(s) in re-building vignettes:
     ...
    --- re-building ‘compiledCode.Rnw’ using Sweave
    Error: processing vignette 'compiledCode.Rnw' failed with diagnostics:
    Running ‘texi2dvi’ on ‘compiledCode.tex’ failed.
    LaTeX errors:
    ! Undefined control sequence.
    <recently read> \Hy@colorlink
    
    l.80 \begin{document}
    
    ! Undefined control sequence.
    \close@pdflink ->\Hy@endcolorlink
     \Hy@VerboseLinkStop \pdfendlink
    l.80 \begin{document}
    
    ! Undefined control sequence.
    <recently read> \Hy@colorlink
    
    l.80 \begin{document}
    
    ! Undefined control sequence.
    \close@pdflink ->\Hy@endcolorlink
     \Hy@VerboseLinkStop \pdfendlink
    l.80 \begin{document}
    
    --- failed re-building ‘compiledCode.Rnw’
    
    --- re-building ‘deSolve.Rnw’ using Sweave
    Warning in lsoda(y, times, func, parms, ...) :
     repeated error test failures on a step, but integration was successful - singularity ?
    Warning in lsoda(y, times, func, parms, ...) :
     Returning early. Results are accurate, as far as they go
    Warning in lsoda(y, times, func, parms, ...) :
     an excessive amount of work (> maxsteps ) was done, but integration was not successful - increase maxsteps
    Warning in lsoda(y, times, func, parms, ...) :
     Returning early. Results are accurate, as far as they go
    Error: processing vignette 'deSolve.Rnw' failed with diagnostics:
    Running ‘texi2dvi’ on ‘deSolve.tex’ failed.
    LaTeX errors:
    ! Undefined control sequence.
    <recently read> \Hy@colorlink
    
    l.117 \begin{document}
    
    ! Undefined control sequence.
    \close@pdflink ->\Hy@endcolorlink
     \Hy@VerboseLinkStop \pdfendlink
    l.117 \begin{document}
    
    ! Undefined control sequence.
    <recently read> \Hy@colorlink
    
    l.117 \begin{document}
    
    ! Undefined control sequence.
    \close@pdflink ->\Hy@endcolorlink
     \Hy@VerboseLinkStop \pdfendlink
    l.117 \begin{document}
    
    ! Undefined control sequence.
    <recently read> \Hy@colorlink
    
    l.117 \begin{document}
    
    ! Undefined control sequence.
    \close@pdflink ->\Hy@endcolorlink
     \Hy@VerboseLinkStop \pdfendlink
    l.117 \begin{document}
    
    ! Undefined control sequence.
    <recently read> \Hy@colorlink
    
    l.117 \begin{document}
    
    ! Undefined control sequence.
    \close@pdflink ->\Hy@endcolorlink
     \Hy@VerboseLinkStop \pdfendlink
    l.117 \begin{document}
    
    ! Undefined control sequence.
    <recently read> \Hy@colorlink
    
    l.117 \begin{document}
    
    ! Undefined control sequence.
    \close@pdflink ->\Hy@endcolorlink
     \Hy@VerboseLinkStop \pdfendlink
    l.117 \begin{document}
    
    ! Undefined control sequence.
    <recently read> \Hy@colorlink
    
    l.117 \begin{document}
    
    ! Undefined control sequence.
    \close@pdflink ->\Hy@endcolorlink
     \Hy@VerboseLinkStop \pdfendlink
    l.117 \begin{document}
    
    ! Undefined control sequence.
    <recently read> \Hy@colorlink
    
    l.117 \begin{document}
    
    ! Undefined control sequence.
    \close@pdflink ->\Hy@endcolorlink
     \Hy@VerboseLinkStop \pdfendlink
    l.117 \begin{document}
    
    ! Undefined control sequence.
    <recently read> \Hy@colorlink
    
    l.117 \begin{document}
    
    ! Undefined control sequence.
    \close@pdflink ->\Hy@endcolorlink
     \Hy@VerboseLinkStop \pdfendlink
    l.117 \begin{document}
    
    ! Undefined control sequence.
    <recently read> \Hy@colorlink
    
    l.117 \begin{document}
    
    ! Undefined control sequence.
    \close@pdflink ->\Hy@endcolorlink
     \Hy@VerboseLinkStop \pdfendlink
    l.117 \begin{document}
    
    ! Undefined control sequence.
    <recently read> \Hy@colorlink
    
    l.117 \begin{document}
    
    ! Undefined control sequence.
    \close@pdflink ->\Hy@endcolorlink
     \Hy@VerboseLinkStop \pdfendlink
    l.117 \begin{document}
    
    ! Undefined control sequence.
    <recently read> \Hy@colorlink
    
    l.117 \begin{document}
    
    ! Undefined control sequence.
    \close@pdflink ->\Hy@endcolorlink
     \Hy@VerboseLinkStop \pdfendlink
    l.117 \begin{document}
    
    ! Undefined control sequence.
    <recently read> \Hy@colorlink
    
    l.117 \begin{document}
    
    ! Undefined control sequence.
    \close@pdflink ->\Hy@endcolorlink
     \Hy@VerboseLinkStop \pdfendlink
    l.117 \begin{document}
    
    ! Undefined control sequence.
    <recently read> \Hy@colorlink
    
    l.117 \begin{document}
    
    ! Undefined control sequence.
    \close@pdflink ->\Hy@endcolorlink
     \Hy@VerboseLinkStop \pdfendlink
    l.117 \begin{document}
    
    ! Undefined control sequence.
    <recently read> \Hy@colorlink
    
    l.117 \begin{document}
    
    ! Undefined control sequence.
    \close@pdflink ->\Hy@endcolorlink
     \Hy@VerboseLinkStop \pdfendlink
    l.117 \begin{document}
    
    ! Undefined control sequence.
    <recently read> \Hy@colorlink
    
    l.117 \begin{document}
    
    ! Undefined control sequence.
    \close@pdflink ->\Hy@endcolorlink
     \Hy@VerboseLinkStop \pdfendlink
    l.117 \begin{document}
    
    --- failed re-building ‘deSolve.Rnw’
    
    SUMMARY: processing the following files failed:
     ‘compiledCode.Rnw’ ‘deSolve.Rnw’
    
    Error: Vignette re-building failed.
    Execution halted
Flavor: r-release-linux-x86_64