CRAN Package Check Results for Package deamer

Last updated on 2021-10-17 16:49:21 CEST.

Flavor Version Tinstall Tcheck Ttotal Status Flags
r-devel-linux-x86_64-debian-clang 1.0 2.77 46.85 49.62 NOTE
r-devel-linux-x86_64-debian-gcc 1.0 2.15 36.71 38.86 NOTE
r-devel-linux-x86_64-fedora-clang 1.0 70.78 NOTE
r-devel-linux-x86_64-fedora-gcc 1.0 58.61 NOTE
r-devel-windows-x86_64 1.0 4.00 82.00 86.00 NOTE
r-devel-windows-x86_64-gcc10-UCRT 1.0 NOTE
r-patched-linux-x86_64 1.0 2.88 45.59 48.47 NOTE
r-patched-solaris-x86 1.0 148.60 NOTE
r-release-linux-x86_64 1.0 2.28 46.07 48.35 NOTE
r-release-macos-arm64 1.0 NOTE
r-release-macos-x86_64 1.0 NOTE
r-release-windows-ix86+x86_64 1.0 5.00 63.00 68.00 NOTE
r-oldrel-macos-x86_64 1.0 NOTE
r-oldrel-windows-ix86+x86_64 1.0 4.00 64.00 68.00 NOTE

Check Details

Version: 1.0
Check: R code for possible problems
Result: NOTE
    ifft: no visible global function definition for 'fft'
    lines.deamer: no visible global function definition for 'lines'
    rlaplace: no visible global function definition for 'runif'
    Undefined global functions or variables:
     fft lines runif
    Consider adding
     importFrom("graphics", "lines")
     importFrom("stats", "fft", "runif")
    to your NAMESPACE file.
Flavors: r-devel-linux-x86_64-debian-clang, r-devel-linux-x86_64-debian-gcc, r-devel-linux-x86_64-fedora-clang, r-devel-linux-x86_64-fedora-gcc, r-devel-windows-x86_64, r-devel-windows-x86_64-gcc10-UCRT, r-patched-linux-x86_64, r-patched-solaris-x86, r-release-linux-x86_64, r-release-macos-arm64, r-release-macos-x86_64, r-release-windows-ix86+x86_64, r-oldrel-macos-x86_64, r-oldrel-windows-ix86+x86_64