Last updated on 2023-09-24 05:53:08 CEST.
Flavor | Version | Tinstall | Tcheck | Ttotal | Status | Flags |
---|---|---|---|---|---|---|
r-devel-linux-x86_64-debian-clang | 0.1.1 | 5.11 | 117.26 | 122.37 | OK | |
r-devel-linux-x86_64-debian-gcc | 0.1.1 | 5.74 | 86.23 | 91.97 | OK | |
r-devel-linux-x86_64-fedora-clang | 0.1.1 | 162.00 | NOTE | |||
r-devel-linux-x86_64-fedora-gcc | 0.1.1 | 165.37 | NOTE | |||
r-devel-windows-x86_64 | 0.1.1 | 8.00 | 107.00 | 115.00 | OK | |
r-patched-linux-x86_64 | 0.1.1 | 8.06 | 112.98 | 121.04 | OK | |
r-release-linux-x86_64 | 0.1.1 | 5.79 | 114.89 | 120.68 | OK | |
r-release-macos-arm64 | 0.1.1 | 57.00 | OK | |||
r-release-macos-x86_64 | 0.1.1 | 87.00 | OK | |||
r-release-windows-x86_64 | 0.1.1 | 9.00 | 128.00 | 137.00 | OK | |
r-oldrel-macos-arm64 | 0.1.1 | 50.00 | OK | |||
r-oldrel-macos-x86_64 | 0.1.1 | 61.00 | OK | |||
r-oldrel-windows-x86_64 | 0.1.1 | 9.00 | 124.00 | 133.00 | OK |
Version: 0.1.1
Check: data for non-ASCII characters
Result: NOTE
Note: found 53 marked UTF-8 strings
Flavors: r-devel-linux-x86_64-fedora-clang, r-devel-linux-x86_64-fedora-gcc