Last updated on 2022-07-04 13:50:27 CEST.
Flavor | Version | Tinstall | Tcheck | Ttotal | Status | Flags |
---|---|---|---|---|---|---|
r-devel-linux-x86_64-debian-clang | 0.3.0 | 22.00 | 33.87 | 55.87 | NOTE | |
r-devel-linux-x86_64-debian-gcc | 0.3.0 | 16.17 | 26.37 | 42.54 | NOTE | |
r-devel-linux-x86_64-fedora-clang | 0.3.0 | 85.48 | NOTE | |||
r-devel-linux-x86_64-fedora-gcc | 0.3.0 | 77.28 | NOTE | |||
r-devel-windows-x86_64 | 0.3.0 | 30.00 | 79.00 | 109.00 | NOTE | |
r-patched-linux-x86_64 | 0.3.0 | 18.31 | 33.04 | 51.35 | NOTE | |
r-release-linux-x86_64 | 0.3.0 | 17.58 | 33.21 | 50.79 | NOTE | |
r-release-macos-arm64 | 0.3.0 | 22.00 | NOTE | |||
r-release-macos-x86_64 | 0.3.0 | 35.00 | NOTE | |||
r-release-windows-x86_64 | 0.3.0 | 25.00 | 85.00 | 110.00 | NOTE | |
r-oldrel-macos-arm64 | 0.3.0 | 27.00 | NOTE | |||
r-oldrel-macos-x86_64 | 0.3.0 | 48.00 | NOTE | |||
r-oldrel-windows-ix86+x86_64 | 0.3.0 | 50.00 | 78.00 | 128.00 | NOTE |
Version: 0.3.0
Check: LazyData
Result: NOTE
'LazyData' is specified without a 'data' directory
Flavors: r-devel-linux-x86_64-debian-clang, r-devel-linux-x86_64-debian-gcc, r-devel-linux-x86_64-fedora-clang, r-devel-linux-x86_64-fedora-gcc, r-devel-windows-x86_64, r-patched-linux-x86_64, r-release-linux-x86_64, r-release-macos-arm64, r-release-macos-x86_64, r-release-windows-x86_64, r-oldrel-macos-arm64, r-oldrel-macos-x86_64, r-oldrel-windows-ix86+x86_64