Last updated on 2023-03-28 22:56:35 CEST.
Flavor | Version | Tinstall | Tcheck | Ttotal | Status | Flags |
---|---|---|---|---|---|---|
r-devel-linux-x86_64-debian-clang | 0.3.0 | 22.47 | 32.50 | 54.97 | NOTE | |
r-devel-linux-x86_64-debian-gcc | 0.3.0 | 14.34 | 25.77 | 40.11 | NOTE | |
r-devel-linux-x86_64-fedora-clang | 0.3.0 | 76.66 | NOTE | |||
r-devel-linux-x86_64-fedora-gcc | 0.3.0 | 79.50 | NOTE | |||
r-devel-windows-x86_64 | 0.3.0 | 35.00 | 90.00 | 125.00 | NOTE | |
r-patched-linux-x86_64 | 0.3.0 | 17.02 | 31.86 | 48.88 | NOTE | |
r-release-linux-x86_64 | 0.3.0 | 15.29 | 32.16 | 47.45 | NOTE | |
r-release-macos-arm64 | 0.3.0 | 22.00 | NOTE | |||
r-release-macos-x86_64 | 0.3.0 | 35.00 | NOTE | |||
r-release-windows-x86_64 | 0.3.0 | 38.00 | 88.00 | 126.00 | NOTE | |
r-oldrel-macos-arm64 | 0.3.0 | 27.00 | NOTE | |||
r-oldrel-macos-x86_64 | 0.3.0 | 48.00 | NOTE | |||
r-oldrel-windows-ix86+x86_64 | 0.3.0 | 50.00 | 87.00 | 137.00 | NOTE |
Version: 0.3.0
Check: C++ specification
Result: NOTE
Specified C++11: please drop specification unless essential
Flavors: r-devel-linux-x86_64-debian-clang, r-devel-linux-x86_64-debian-gcc, r-devel-linux-x86_64-fedora-clang, r-devel-linux-x86_64-fedora-gcc, r-devel-windows-x86_64, r-patched-linux-x86_64
Version: 0.3.0
Check: LazyData
Result: NOTE
'LazyData' is specified without a 'data' directory
Flavors: r-devel-linux-x86_64-debian-clang, r-devel-linux-x86_64-debian-gcc, r-devel-linux-x86_64-fedora-clang, r-devel-linux-x86_64-fedora-gcc, r-devel-windows-x86_64, r-patched-linux-x86_64, r-release-linux-x86_64, r-release-macos-arm64, r-release-macos-x86_64, r-release-windows-x86_64, r-oldrel-macos-arm64, r-oldrel-macos-x86_64, r-oldrel-windows-ix86+x86_64