CRAN Package Check Results for Package decision

Last updated on 2022-08-12 00:49:45 CEST.

Flavor Version Tinstall Tcheck Ttotal Status Flags
r-devel-linux-x86_64-debian-clang 0.1.0 2.00 20.18 22.18 NOTE
r-devel-linux-x86_64-debian-gcc 0.1.0 1.60 15.72 17.32 NOTE
r-devel-linux-x86_64-fedora-clang 0.1.0 37.60 NOTE
r-devel-linux-x86_64-fedora-gcc 0.1.0 38.02 NOTE
r-devel-windows-x86_64 0.1.0 11.00 41.00 52.00 NOTE
r-patched-linux-x86_64 0.1.0 1.68 19.75 21.43 NOTE
r-release-linux-x86_64 0.1.0 1.82 19.55 21.37 NOTE
r-release-macos-arm64 0.1.0 13.00 NOTE
r-release-macos-x86_64 0.1.0 18.00 NOTE
r-release-windows-x86_64 0.1.0 4.00 39.00 43.00 NOTE
r-oldrel-macos-arm64 0.1.0 14.00 NOTE
r-oldrel-macos-x86_64 0.1.0 24.00 NOTE
r-oldrel-windows-ix86+x86_64 0.1.0 4.00 24.00 28.00 NOTE

Check Details

Version: 0.1.0
Check: LazyData
Result: NOTE
     'LazyData' is specified without a 'data' directory
Flavors: r-devel-linux-x86_64-debian-clang, r-devel-linux-x86_64-debian-gcc, r-devel-linux-x86_64-fedora-clang, r-devel-linux-x86_64-fedora-gcc, r-devel-windows-x86_64, r-patched-linux-x86_64, r-release-linux-x86_64, r-release-macos-arm64, r-release-macos-x86_64, r-release-windows-x86_64, r-oldrel-macos-arm64, r-oldrel-macos-x86_64, r-oldrel-windows-ix86+x86_64