CRAN Package Check Results for Package decompDL

Last updated on 2024-04-25 15:47:56 CEST.

Flavor Version Tinstall Tcheck Ttotal Status Flags
r-devel-linux-x86_64-debian-clang 0.1.0 17.80 135.26 153.06 OK
r-devel-linux-x86_64-debian-gcc 0.1.0 12.94 98.24 111.18 OK
r-devel-linux-x86_64-fedora-clang 0.1.0 190.31 NOTE
r-devel-linux-x86_64-fedora-gcc 0.1.0 196.64 NOTE
r-devel-windows-x86_64 0.1.0 15.00 107.00 122.00 OK
r-patched-linux-x86_64 0.1.0 14.11 128.16 142.27 OK
r-release-linux-x86_64 0.1.0 15.77 127.50 143.27 OK
r-release-macos-arm64 0.1.0 50.00 OK
r-release-macos-x86_64 0.1.0 93.00 OK
r-release-windows-x86_64 0.1.0 15.00 107.00 122.00 OK
r-oldrel-macos-arm64 0.1.0 51.00 OK
r-oldrel-macos-x86_64 0.1.0 83.00 OK
r-oldrel-windows-x86_64 0.1.0 19.00 133.00 152.00 OK

Check Details

Version: 0.1.0
Check: dependencies in R code
Result: NOTE Namespaces in Imports field not imported from: ‘reticulate’ ‘tensorflow’ All declared Imports should be used. Flavors: r-devel-linux-x86_64-fedora-clang, r-devel-linux-x86_64-fedora-gcc