CRAN Package Check Results for Package decomposedPSF

Last updated on 2020-11-24 04:50:30 CET.

Flavor Version Tinstall Tcheck Ttotal Status Flags
r-devel-linux-x86_64-debian-clang 0.1.3 9.09 63.54 72.63 NOTE
r-devel-linux-x86_64-debian-gcc 0.1.3 6.39 51.00 57.39 NOTE
r-devel-linux-x86_64-fedora-clang 0.1.3 91.19 OK
r-devel-linux-x86_64-fedora-gcc 0.1.3 81.43 OK
r-devel-windows-ix86+x86_64 0.1.3 14.00 62.00 76.00 NOTE
r-patched-linux-x86_64 0.1.3 7.06 61.55 68.61 NOTE
r-patched-solaris-x86 0.1.3 120.50 OK
r-release-linux-x86_64 0.1.3 7.14 60.47 67.61 NOTE
r-release-macos-x86_64 0.1.3 OK
r-release-windows-ix86+x86_64 0.1.3 13.00 66.00 79.00 NOTE
r-oldrel-macos-x86_64 0.1.3 OK
r-oldrel-windows-ix86+x86_64 0.1.3 10.00 70.00 80.00 OK

Check Details

Version: 0.1.3
Check: package vignettes
Result: NOTE
    Package vignette with placeholder title 'Vignette Title':
     'decomposedPSF-vignette.Rmd'
Flavors: r-devel-linux-x86_64-debian-clang, r-devel-linux-x86_64-debian-gcc, r-devel-windows-ix86+x86_64, r-patched-linux-x86_64, r-release-linux-x86_64, r-release-windows-ix86+x86_64