CRAN Package Check Results for Package decomposedPSF

Last updated on 2020-04-02 11:48:01 CEST.

Flavor Version Tinstall Tcheck Ttotal Status Flags
r-devel-linux-x86_64-debian-clang 0.1.3 6.85 68.36 75.21 NOTE
r-devel-linux-x86_64-debian-gcc 0.1.3 5.93 59.44 65.37 NOTE
r-devel-linux-x86_64-fedora-clang 0.1.3 87.09 OK
r-devel-linux-x86_64-fedora-gcc 0.1.3 96.10 OK
r-devel-windows-ix86+x86_64 0.1.3 16.00 71.00 87.00 NOTE
r-devel-windows-ix86+x86_64-gcc8 0.1.3 17.00 71.00 88.00 NOTE
r-patched-linux-x86_64 0.1.3 6.27 68.14 74.41 NOTE
r-patched-solaris-x86 0.1.3 126.40 OK
r-release-linux-x86_64 0.1.3 5.37 58.13 63.50 OK
r-release-windows-ix86+x86_64 0.1.3 13.00 70.00 83.00 OK
r-release-osx-x86_64 0.1.3 OK
r-oldrel-windows-ix86+x86_64 0.1.3 9.00 71.00 80.00 OK
r-oldrel-osx-x86_64 0.1.3 OK

Check Details

Version: 0.1.3
Check: package vignettes
Result: NOTE
    Package vignette with placeholder title 'Vignette Title':
     'decomposedPSF-vignette.Rmd'
Flavors: r-devel-linux-x86_64-debian-clang, r-devel-linux-x86_64-debian-gcc, r-devel-windows-ix86+x86_64, r-devel-windows-ix86+x86_64-gcc8, r-patched-linux-x86_64