CRAN Package Check Results for Package decorators

Last updated on 2022-06-25 20:50:14 CEST.

Flavor Version Tinstall Tcheck Ttotal Status Flags
r-devel-linux-x86_64-debian-clang 0.1.0 2.82 28.20 31.02 NOTE
r-devel-linux-x86_64-debian-gcc 0.1.0 1.57 22.50 24.07 NOTE
r-devel-linux-x86_64-fedora-clang 0.1.0 49.03 NOTE
r-devel-linux-x86_64-fedora-gcc 0.1.0 47.77 NOTE
r-devel-windows-x86_64 0.1.0 16.00 56.00 72.00 NOTE
r-patched-linux-x86_64 0.1.0 2.83 28.36 31.19 NOTE
r-release-linux-x86_64 0.1.0 2.49 27.41 29.90 NOTE
r-release-macos-arm64 0.1.0 17.00 NOTE
r-release-macos-x86_64 0.1.0 23.00 NOTE
r-release-windows-x86_64 0.1.0 11.00 54.00 65.00 NOTE
r-oldrel-macos-arm64 0.1.0 19.00 NOTE
r-oldrel-macos-x86_64 0.1.0 30.00 NOTE
r-oldrel-windows-ix86+x86_64 0.1.0 6.00 50.00 56.00 NOTE

Check Details

Version: 0.1.0
Check: LazyData
Result: NOTE
     'LazyData' is specified without a 'data' directory
Flavors: r-devel-linux-x86_64-debian-clang, r-devel-linux-x86_64-debian-gcc, r-devel-linux-x86_64-fedora-clang, r-devel-linux-x86_64-fedora-gcc, r-devel-windows-x86_64, r-patched-linux-x86_64, r-release-linux-x86_64, r-release-macos-arm64, r-release-macos-x86_64, r-release-windows-x86_64, r-oldrel-macos-arm64, r-oldrel-macos-x86_64, r-oldrel-windows-ix86+x86_64