CRAN Package Check Results for Package deepboost

Last updated on 2021-08-05 21:50:51 CEST.

Flavor Version Tinstall Tcheck Ttotal Status Flags
r-devel-linux-x86_64-debian-clang 0.1.6 41.38 47.30 88.68 OK
r-devel-linux-x86_64-debian-gcc 0.1.6 26.63 37.17 63.80 OK
r-devel-linux-x86_64-fedora-clang 0.1.6 127.84 OK
r-devel-linux-x86_64-fedora-gcc 0.1.6 109.88 OK
r-devel-windows-x86_64 0.1.6 55.00 86.00 141.00 OK
r-devel-windows-x86_64-gcc10-UCRT 0.1.6 ERROR
r-patched-linux-x86_64 0.1.6 34.37 46.56 80.93 OK
r-patched-solaris-x86 0.1.6 133.60 OK
r-release-linux-x86_64 0.1.6 33.13 45.85 78.98 OK
r-release-macos-arm64 0.1.6 OK
r-release-macos-x86_64 0.1.6 OK
r-release-windows-ix86+x86_64 0.1.6 103.00 82.00 185.00 OK
r-oldrel-macos-x86_64 0.1.6 OK
r-oldrel-windows-ix86+x86_64 0.1.6 77.00 112.00 189.00 OK

Check Details

Version: 0.1.6
Check: package dependencies
Result: NOTE
    Packages suggested but not available for checking: 'testthat', 'caret'
Flavor: r-devel-windows-x86_64-gcc10-UCRT

Version: 0.1.6
Check: tests
Result: ERROR
     Running 'testthat.R'
    Running the tests in 'tests/testthat.R' failed.
    Complete output:
     > library(testthat)
     Error in library(testthat) : there is no package called 'testthat'
     Execution halted
Flavor: r-devel-windows-x86_64-gcc10-UCRT