CRAN Package Check Results for Package deepregression

Last updated on 2022-01-22 20:48:33 CET.

Flavor Version Tinstall Tcheck Ttotal Status Flags
r-devel-linux-x86_64-debian-clang 0.1 13.20 112.90 126.10 OK
r-devel-linux-x86_64-debian-gcc 0.1 9.55 83.47 93.02 OK
r-devel-linux-x86_64-fedora-clang 0.1 159.71 NOTE
r-devel-linux-x86_64-fedora-gcc 0.1 142.91 NOTE
r-devel-windows-x86_64-new-UL 0.1 297.00 125.00 422.00 OK
r-devel-windows-x86_64-new-TK 0.1 NOTE
r-patched-linux-x86_64 0.1 13.44 105.33 118.77 OK
r-release-linux-x86_64 0.1 11.82 105.54 117.36 OK
r-release-macos-arm64 0.1 NOTE
r-release-macos-x86_64 0.1 NOTE
r-release-windows-ix86+x86_64 0.1 29.00 127.00 156.00 OK
r-oldrel-macos-x86_64 0.1 NOTE
r-oldrel-windows-ix86+x86_64 0.1 30.00 127.00 157.00 OK

Check Details

Version: 0.1
Check: dependencies in R code
Result: NOTE
    Namespaces in Imports field not imported from:
     ‘Metrics’ ‘purrr’ ‘utils’
     All declared Imports should be used.
Flavors: r-devel-linux-x86_64-fedora-clang, r-devel-linux-x86_64-fedora-gcc, r-devel-windows-x86_64-new-TK, r-release-macos-arm64, r-release-macos-x86_64, r-oldrel-macos-x86_64