CRAN Package Check Results for Package default

Last updated on 2024-02-29 02:51:27 CET.

Flavor Version Tinstall Tcheck Ttotal Status Flags
r-devel-linux-x86_64-debian-clang 1.0.0 1.46 21.84 23.30 NOTE
r-devel-linux-x86_64-debian-gcc 1.0.0 1.46 17.13 18.59 NOTE
r-devel-linux-x86_64-fedora-clang 1.0.0 29.60 NOTE
r-devel-linux-x86_64-fedora-gcc 1.0.0 28.53 NOTE
r-devel-windows-x86_64 1.0.0 2.00 39.00 41.00 NOTE
r-patched-linux-x86_64 1.0.0 1.44 21.50 22.94 NOTE
r-release-linux-x86_64 1.0.0 2.06 21.65 23.71 NOTE
r-release-macos-arm64 1.0.0 21.00 NOTE
r-release-macos-x86_64 1.0.0 19.00 NOTE
r-release-windows-x86_64 1.0.0 3.00 37.00 40.00 NOTE
r-oldrel-macos-arm64 1.0.0 16.00 NOTE
r-oldrel-windows-x86_64 1.0.0 4.00 43.00 47.00 NOTE

Check Details

Version: 1.0.0
Check: LazyData
Result: NOTE 'LazyData' is specified without a 'data' directory Flavors: r-devel-linux-x86_64-debian-clang, r-devel-linux-x86_64-debian-gcc, r-devel-linux-x86_64-fedora-clang, r-devel-linux-x86_64-fedora-gcc, r-devel-windows-x86_64, r-patched-linux-x86_64, r-release-linux-x86_64, r-release-macos-arm64, r-release-macos-x86_64, r-release-windows-x86_64, r-oldrel-macos-arm64, r-oldrel-windows-x86_64