CRAN Package Check Results for Package deformula

Last updated on 2021-04-16 20:50:00 CEST.

Flavor Version Tinstall Tcheck Ttotal Status Flags
r-devel-linux-x86_64-debian-clang 0.1.1 3.90 20.91 24.81 OK
r-devel-linux-x86_64-debian-gcc 0.1.1 3.07 16.75 19.82 OK
r-devel-linux-x86_64-fedora-clang 0.1.1 42.45 NOTE
r-devel-linux-x86_64-fedora-gcc 0.1.1 30.69 NOTE
r-devel-windows-ix86+x86_64 0.1.1 12.00 44.00 56.00 OK
r-devel-windows-x86_64-gcc10-UCRT 0.1.1 OK
r-patched-linux-x86_64 0.1.1 3.52 20.48 24.00 OK
r-patched-solaris-x86 0.1.1 47.20 OK
r-release-linux-x86_64 0.1.1 3.76 20.44 24.20 OK
r-release-macos-x86_64 0.1.1 OK
r-release-windows-ix86+x86_64 0.1.1 10.00 35.00 45.00 OK
r-oldrel-macos-x86_64 0.1.1 OK
r-oldrel-windows-ix86+x86_64 0.1.1 11.00 59.00 70.00 OK

Check Details

Version: 0.1.1
Check: compiled code
Result: NOTE
    File ‘deformula/libs/deformula.so’:
     Found no call to: ‘R_useDynamicSymbols’
    
    It is good practice to register native routines and to disable symbol
    search.
    
    See ‘Writing portable packages’ in the ‘Writing R Extensions’ manual.
Flavors: r-devel-linux-x86_64-fedora-clang, r-devel-linux-x86_64-fedora-gcc