CRAN Package Check Results for Package deformula

Last updated on 2023-06-07 09:57:20 CEST.

Flavor Version Tinstall Tcheck Ttotal Status Flags
r-devel-linux-x86_64-debian-clang 0.1.2 19.26 28.60 47.86 NOTE
r-devel-linux-x86_64-debian-gcc 0.1.2 13.31 22.15 35.46 NOTE
r-devel-linux-x86_64-fedora-clang 0.1.2 68.36 NOTE
r-devel-linux-x86_64-fedora-gcc 0.1.2 64.74 NOTE
r-devel-windows-x86_64 0.1.2 19.00 60.00 79.00 NOTE
r-patched-linux-x86_64 0.1.2 16.44 27.73 44.17 NOTE
r-release-linux-x86_64 0.1.2 16.83 27.52 44.35 NOTE
r-release-macos-arm64 0.1.2 23.00 NOTE
r-release-macos-x86_64 0.1.2 36.00 NOTE
r-release-windows-x86_64 0.1.2 17.00 65.00 82.00 NOTE
r-oldrel-macos-arm64 0.1.2 22.00 OK
r-oldrel-macos-x86_64 0.1.2 32.00 OK
r-oldrel-windows-x86_64 0.1.2 20.00 63.00 83.00 OK

Check Details

Version: 0.1.2
Check: C++ specification
Result: NOTE
     Specified C++11: please drop specification unless essential
Flavors: r-devel-linux-x86_64-debian-clang, r-devel-linux-x86_64-debian-gcc, r-devel-linux-x86_64-fedora-clang, r-devel-linux-x86_64-fedora-gcc, r-devel-windows-x86_64, r-patched-linux-x86_64, r-release-linux-x86_64, r-release-macos-arm64, r-release-macos-x86_64, r-release-windows-x86_64