CRAN Package Check Results for Package delaunay

Last updated on 2022-10-02 08:55:11 CEST.

Flavor Version Tinstall Tcheck Ttotal Status Flags
r-devel-linux-x86_64-debian-clang 1.1.0 131.72 51.80 183.52 OK
r-devel-linux-x86_64-debian-gcc 1.1.0 113.58 39.26 152.84 OK
r-devel-linux-x86_64-fedora-clang 1.1.0 294.04 OK
r-devel-linux-x86_64-fedora-gcc 1.1.0 263.47 OK
r-devel-windows-x86_64 1.1.0 344.00 100.00 444.00 OK
r-patched-linux-x86_64 1.1.0 105.40 49.04 154.44 OK
r-release-linux-x86_64 1.1.0 122.16 48.29 170.45 WARN
r-release-macos-arm64 1.1.0 66.00 NOTE
r-release-macos-x86_64 1.1.0 85.00 NOTE
r-release-windows-x86_64 1.1.0 318.00 97.00 415.00 WARN

Check Details

Version: 1.1.0
Check: whether package can be installed
Result: WARN
    Found the following significant warnings:
     /home/hornik/tmp/R.check/r-release-gcc/Work/build/Packages/BH/include/boost/container/detail/copy_move_algo.hpp:184:19: warning: ‘void* memmove(void*, const void*, size_t)’ writing to an object of type ‘value_type’ {aka ‘struct std::pair<CGAL::internal::CC_iterator<CGAL::Compact_container<CGAL::Constrained_triangulation_face_base_2<CGAL::Epick, CGAL::Triangulation_face_base_with_info_2<FaceInfo2, CGAL::Epick, CGAL::Triangulation_face_base_2<CGAL::Epick, CGAL::Triangulation_ds_face_base_2<CGAL::Triangulation_data_structure_2<CGAL::Triangulation_vertex_base_with_info_2<int, CGAL::Epick>, CGAL::Constrained_triangulation_face_base_2<CGAL::Epick, CGAL::Triangulation_face_base_with_info_2<FaceInfo2, CGAL::Epick> > > > > > >, CGAL::Default, CGAL::Default, CGAL::Default>, false>, int>’} with no trivial copy-assignment; use copy-assignment or copy-initialization instead [-Wclass-memaccess]
     /home/hornik/tmp/R.check/r-release-gcc/Work/build/Packages/BH/include/boost/container/detail/copy_move_algo.hpp:184:19: warning: ‘void* memmove(void*, const void*, size_t)’ writing to an object of type ‘value_type’ {aka ‘struct std::pair<CGAL::internal::CC_iterator<CGAL::Compact_container<CGAL::Triangulation_ds_cell_base_3<CGAL::Triangulation_data_structure_3<CGAL::Triangulation_vertex_base_with_info_3<int, CGAL::Epick> > >, CGAL::Default, CGAL::Default, CGAL::Default>, false>, int>’} with no trivial copy-assignment; use copy-assignment or copy-initialization instead [-Wclass-memaccess]
Flavor: r-release-linux-x86_64

Version: 1.1.0
Check: installed package size
Result: NOTE
     installed size is 12.4Mb
     sub-directories of 1Mb or more:
     libs 12.3Mb
Flavors: r-release-macos-arm64, r-release-macos-x86_64

Version: 1.1.0
Check: whether package can be installed
Result: WARN
    Found the following significant warnings:
     D:/RCompile/CRANpkg/lib/4.2/BH/include/boost/container/detail/copy_move_algo.hpp:184:19: warning: 'void* memmove(void*, const void*, size_t)' writing to an object of type 'value_type' {aka 'struct std::pair<CGAL::internal::CC_iterator<CGAL::Compact_container<CGAL::Constrained_triangulation_face_base_2<CGAL::Epick, CGAL::Triangulation_face_base_with_info_2<FaceInfo2, CGAL::Epick, CGAL::Triangulation_face_base_2<CGAL::Epick, CGAL::Triangulation_ds_face_base_2<CGAL::Triangulation_data_structure_2<CGAL::Triangulation_vertex_base_with_info_2<int, CGAL::Epick>, CGAL::Constrained_triangulation_face_base_2<CGAL::Epick, CGAL::Triangulation_face_base_with_info_2<FaceInfo2, CGAL::Epick> > > > > > >, CGAL::Default, CGAL::Default, CGAL::Default>, false>, int>'} with no trivial copy-assignment; use copy-assignment or copy-initialization instead [-Wclass-memaccess]
     D:/RCompile/CRANpkg/lib/4.2/BH/include/boost/container/detail/copy_move_algo.hpp:184:19: warning: 'void* memmove(void*, const void*, size_t)' writing to an object of type 'value_type' {aka 'struct std::pair<CGAL::internal::CC_iterator<CGAL::Compact_container<CGAL::Triangulation_ds_cell_base_3<CGAL::Triangulation_data_structure_3<CGAL::Triangulation_vertex_base_with_info_3<int, CGAL::Epick> > >, CGAL::Default, CGAL::Default, CGAL::Default>, false>, int>'} with no trivial copy-assignment; use copy-assignment or copy-initialization instead [-Wclass-memaccess]
Flavor: r-release-windows-x86_64