CRAN Package Check Results for Package deltaPlotR

Last updated on 2021-01-20 01:48:46 CET.

Flavor Version Tinstall Tcheck Ttotal Status Flags
r-devel-linux-x86_64-debian-clang 1.6 2.19 25.05 27.24 NOTE
r-devel-linux-x86_64-debian-gcc 1.6 2.10 19.88 21.98 NOTE
r-devel-linux-x86_64-fedora-clang 1.6 42.86 NOTE
r-devel-linux-x86_64-fedora-gcc 1.6 33.25 NOTE
r-devel-windows-ix86+x86_64 1.6 6.00 32.00 38.00 OK
r-patched-linux-x86_64 1.6 2.55 24.40 26.95 NOTE
r-patched-solaris-x86 1.6 48.20 NOTE
r-release-linux-x86_64 1.6 2.58 24.43 27.01 NOTE
r-release-macos-x86_64 1.6 OK
r-release-windows-ix86+x86_64 1.6 6.00 37.00 43.00 OK
r-oldrel-macos-x86_64 1.6 OK
r-oldrel-windows-ix86+x86_64 1.6 4.00 29.00 33.00 OK

Check Details

Version: 1.6
Check: for non-standard things in the check directory
Result: NOTE
    Found the following files/directories:
     'res.pdf' 'res1.jpg'
Flavors: r-devel-linux-x86_64-debian-clang, r-devel-linux-x86_64-debian-gcc, r-devel-linux-x86_64-fedora-clang, r-devel-linux-x86_64-fedora-gcc, r-patched-linux-x86_64, r-patched-solaris-x86, r-release-linux-x86_64