Last updated on 2023-12-07 20:48:35 CET.
Flavor | Version | Tinstall | Tcheck | Ttotal | Status | Flags |
---|---|---|---|---|---|---|
r-devel-linux-x86_64-debian-clang | 1.6 | 1.89 | 28.33 | 30.22 | NOTE | |
r-devel-linux-x86_64-debian-gcc | 1.6 | 2.01 | 22.38 | 24.39 | NOTE | |
r-devel-linux-x86_64-fedora-clang | 1.6 | 40.89 | NOTE | |||
r-devel-linux-x86_64-fedora-gcc | 1.6 | 38.24 | NOTE | |||
r-devel-windows-x86_64 | 1.6 | 3.00 | 45.00 | 48.00 | OK | |
r-patched-linux-x86_64 | 1.6 | 2.97 | 27.01 | 29.98 | NOTE | |
r-release-linux-x86_64 | 1.6 | 2.93 | 26.73 | 29.66 | NOTE | |
r-release-macos-arm64 | 1.6 | 16.00 | OK | |||
r-release-macos-x86_64 | 1.6 | 21.00 | OK | |||
r-release-windows-x86_64 | 1.6 | 3.00 | 44.00 | 47.00 | OK | |
r-oldrel-macos-arm64 | 1.6 | 18.00 | OK | |||
r-oldrel-macos-x86_64 | 1.6 | 21.00 | OK | |||
r-oldrel-windows-x86_64 | 1.6 | 6.00 | 46.00 | 52.00 | OK |
Version: 1.6
Check: Rd files
Result: NOTE
checkRd: (-1) deltaPlot.Rd:28: Lost braces
28 | \item{purify}{logical: should item purification be performed? (Default is code{FALSE}). See \bold{Details}.}
| ^
Flavors: r-devel-linux-x86_64-debian-clang, r-devel-linux-x86_64-debian-gcc
Version: 1.6
Check: for non-standard things in the check directory
Result: NOTE
Found the following files/directories:
‘res.pdf’ ‘res1.jpg’
Flavors: r-devel-linux-x86_64-debian-clang, r-devel-linux-x86_64-debian-gcc, r-devel-linux-x86_64-fedora-clang, r-devel-linux-x86_64-fedora-gcc, r-patched-linux-x86_64, r-release-linux-x86_64