CRAN Package Check Results for Package deltaPlotR

Last updated on 2021-11-30 03:56:52 CET.

Flavor Version Tinstall Tcheck Ttotal Status Flags
r-devel-linux-x86_64-debian-clang 1.6 3.05 24.52 27.57 NOTE
r-devel-linux-x86_64-debian-gcc 1.6 2.18 19.57 21.75 NOTE
r-devel-linux-x86_64-fedora-clang 1.6 44.41 NOTE
r-devel-linux-x86_64-fedora-gcc 1.6 33.65 NOTE
r-devel-windows-x86_64-new-UL 1.6 8.00 60.00 68.00 OK
r-devel-windows-x86_64-new-TK 1.6 OK
r-devel-windows-x86_64-old 1.6 5.00 33.00 38.00 OK
r-patched-linux-x86_64 1.6 2.82 23.57 26.39 NOTE
r-patched-solaris-x86 1.6 50.10 NOTE
r-release-linux-x86_64 1.6 2.28 23.63 25.91 NOTE
r-release-macos-arm64 1.6 OK
r-release-macos-x86_64 1.6 OK
r-release-windows-ix86+x86_64 1.6 6.00 31.00 37.00 OK
r-oldrel-macos-x86_64 1.6 OK
r-oldrel-windows-ix86+x86_64 1.6 5.00 36.00 41.00 OK

Check Details

Version: 1.6
Check: for non-standard things in the check directory
Result: NOTE
    Found the following files/directories:
     'res.pdf' 'res1.jpg'
Flavors: r-devel-linux-x86_64-debian-clang, r-devel-linux-x86_64-debian-gcc, r-devel-linux-x86_64-fedora-clang, r-devel-linux-x86_64-fedora-gcc, r-patched-linux-x86_64, r-patched-solaris-x86, r-release-linux-x86_64