CRAN Package Check Results for Package deltar

Last updated on 2019-05-19 12:46:22 CEST.

Flavor Version Tinstall Tcheck Ttotal Status Flags
r-devel-linux-x86_64-debian-clang 1.0.0 1.69 26.41 28.10 NOTE
r-devel-linux-x86_64-debian-gcc 1.0.0 1.58 19.63 21.21 NOTE
r-devel-linux-x86_64-fedora-clang 1.0.0 33.66 NOTE
r-devel-linux-x86_64-fedora-gcc 1.0.0 30.78 NOTE
r-devel-windows-ix86+x86_64 1.0.0 8.00 48.00 56.00 OK
r-patched-linux-x86_64 1.0.0 1.83 24.75 26.58 NOTE
r-patched-solaris-x86 1.0.0 47.40 NOTE
r-release-linux-x86_64 1.0.0 1.96 24.74 26.70 NOTE
r-release-windows-ix86+x86_64 1.0.0 5.00 43.00 48.00 OK
r-release-osx-x86_64 1.0.0 OK
r-oldrel-windows-ix86+x86_64 1.0.0 7.00 48.00 55.00 OK
r-oldrel-osx-x86_64 1.0.0 OK

Check Details

Version: 1.0.0
Check: R code for possible problems
Result: NOTE
    Found an obsolete/platform-specific call in the following function:
     'dr_df'
    Found the platform-specific device:
     'x11'
    dev.new() is the preferred way to open a new device, in the unlikely
    event one is needed.
Flavors: r-devel-linux-x86_64-debian-clang, r-devel-linux-x86_64-debian-gcc, r-devel-linux-x86_64-fedora-clang, r-devel-linux-x86_64-fedora-gcc, r-patched-linux-x86_64, r-patched-solaris-x86, r-release-linux-x86_64