CRAN Package Check Results for Package deltar

Last updated on 2019-03-26 11:54:25 CET.

Flavor Version Tinstall Tcheck Ttotal Status Flags
r-devel-linux-x86_64-debian-clang 1.0.0 1.93 26.78 28.71 WARN
r-devel-linux-x86_64-debian-gcc 1.0.0 1.49 19.81 21.30 NOTE
r-devel-linux-x86_64-fedora-clang 1.0.0 34.87 NOTE
r-devel-linux-x86_64-fedora-gcc 1.0.0 30.73 NOTE
r-devel-windows-ix86+x86_64 1.0.0 7.00 53.00 60.00 OK
r-patched-linux-x86_64 1.0.0 1.19 23.31 24.50 NOTE
r-patched-solaris-x86 1.0.0 45.40 NOTE
r-release-linux-x86_64 1.0.0 1.22 23.22 24.44 NOTE
r-release-windows-ix86+x86_64 1.0.0 5.00 52.00 57.00 OK
r-release-osx-x86_64 1.0.0 OK
r-oldrel-windows-ix86+x86_64 1.0.0 2.00 51.00 53.00 OK
r-oldrel-osx-x86_64 1.0.0 OK

Check Details

Version: 1.0.0
Check: whether package can be installed
Result: WARN
    Found the following significant warnings:
     Warning: unable to re-encode 'deltaR.R' line 3
     Warning: unable to re-encode 'dr_df.R' lines 22, 23, 26, 27
     Warning: unable to re-encode 'dr_pair.R' lines 13, 14, 15, 16, 17, 18, 65, 68, 69, 70
     Warning: unable to re-encode 'dr_shell.R' lines 12, 13, 14, 15, 16, 17, 42, 43, 44
Flavor: r-devel-linux-x86_64-debian-clang

Version: 1.0.0
Check: R code for possible problems
Result: NOTE
    Found an obsolete/platform-specific call in the following function:
     'dr_df'
    Found the platform-specific device:
     'x11'
    dev.new() is the preferred way to open a new device, in the unlikely
    event one is needed.
Flavors: r-devel-linux-x86_64-debian-clang, r-devel-linux-x86_64-debian-gcc, r-devel-linux-x86_64-fedora-clang, r-devel-linux-x86_64-fedora-gcc, r-patched-linux-x86_64, r-patched-solaris-x86, r-release-linux-x86_64