Last updated on 2021-04-12 00:47:45 CEST.
Flavor | Version | Tinstall | Tcheck | Ttotal | Status | Flags |
---|---|---|---|---|---|---|
r-devel-linux-x86_64-debian-clang | 0.1.0 | 3.97 | 48.71 | 52.68 | OK | |
r-devel-linux-x86_64-debian-gcc | 0.1.0 | 2.85 | 35.98 | 38.83 | OK | |
r-devel-linux-x86_64-fedora-clang | 0.1.0 | 69.78 | NOTE | |||
r-devel-linux-x86_64-fedora-gcc | 0.1.0 | 57.82 | NOTE | |||
r-devel-windows-ix86+x86_64 | 0.1.0 | 13.00 | 67.00 | 80.00 | OK | |
r-devel-windows-x86_64-gcc10-UCRT | 0.1.0 | NOTE | ||||
r-patched-linux-x86_64 | 0.1.0 | 4.14 | 44.65 | 48.79 | OK | |
r-patched-solaris-x86 | 0.1.0 | 90.20 | NOTE | |||
r-release-linux-x86_64 | 0.1.0 | 3.84 | 44.66 | 48.50 | OK | |
r-release-macos-x86_64 | 0.1.0 | NOTE | ||||
r-release-windows-ix86+x86_64 | 0.1.0 | 23.00 | 65.00 | 88.00 | OK | |
r-oldrel-macos-x86_64 | 0.1.0 | NOTE | ||||
r-oldrel-windows-ix86+x86_64 | 0.1.0 | 8.00 | 45.00 | 53.00 | OK |
Version: 0.1.0
Check: dependencies in R code
Result: NOTE
Namespace in Imports field not imported from: ‘knitr’
All declared Imports should be used.
Flavors: r-devel-linux-x86_64-fedora-clang, r-devel-linux-x86_64-fedora-gcc, r-devel-windows-x86_64-gcc10-UCRT, r-patched-solaris-x86, r-release-macos-x86_64, r-oldrel-macos-x86_64