CRAN Package Check Results for Package dematel

Last updated on 2024-03-05 06:54:36 CET.

Flavor Version Tinstall Tcheck Ttotal Status Flags
r-devel-linux-x86_64-debian-clang 0.1.0 5.92 50.74 56.66 OK
r-devel-linux-x86_64-debian-gcc 0.1.0 4.24 39.71 43.95 OK
r-devel-linux-x86_64-fedora-clang 0.1.0 70.05 NOTE
r-devel-linux-x86_64-fedora-gcc 0.1.0 79.59 NOTE
r-devel-windows-x86_64 0.1.0 6.00 60.00 66.00 OK
r-patched-linux-x86_64 0.1.0 5.02 49.95 54.97 OK
r-release-linux-x86_64 0.1.0 4.50 49.69 54.19 OK
r-release-macos-arm64 0.1.0 32.00 OK
r-release-macos-x86_64 0.1.0 48.00 OK
r-release-windows-x86_64 0.1.0 7.00 65.00 72.00 OK
r-oldrel-macos-arm64 0.1.0 25.00 NOTE
r-oldrel-windows-x86_64 0.1.0 8.00 67.00 75.00 OK

Check Details

Version: 0.1.0
Check: dependencies in R code
Result: NOTE Namespace in Imports field not imported from: ‘knitr’ All declared Imports should be used. Flavors: r-devel-linux-x86_64-fedora-clang, r-devel-linux-x86_64-fedora-gcc, r-oldrel-macos-arm64