CRAN Package Check Results for Package demoGraphic

Last updated on 2020-05-25 10:48:54 CEST.

Flavor Version Tinstall Tcheck Ttotal Status Flags
r-devel-linux-x86_64-debian-clang 0.1.0 2.26 22.50 24.76 NOTE
r-devel-linux-x86_64-debian-gcc 0.1.0 1.80 17.55 19.35 NOTE
r-devel-linux-x86_64-fedora-clang 0.1.0 30.21 NOTE
r-devel-linux-x86_64-fedora-gcc 0.1.0 28.85 NOTE
r-devel-windows-ix86+x86_64 0.1.0 7.00 52.00 59.00 OK
r-patched-linux-x86_64 0.1.0 2.21 22.71 24.92 NOTE
r-patched-solaris-x86 0.1.0 48.60 NOTE
r-release-linux-x86_64 0.1.0 2.19 22.50 24.69 NOTE
r-release-osx-x86_64 0.1.0 OK
r-release-windows-ix86+x86_64 0.1.0 6.00 245.00 251.00 OK
r-oldrel-osx-x86_64 0.1.0 OK
r-oldrel-windows-ix86+x86_64 0.1.0 4.00 53.00 57.00 OK

Check Details

Version: 0.1.0
Check: for non-standard things in the check directory
Result: NOTE
    Found the following files/directories:
     'smd_table.docx'
Flavors: r-devel-linux-x86_64-debian-clang, r-devel-linux-x86_64-debian-gcc, r-devel-linux-x86_64-fedora-clang, r-devel-linux-x86_64-fedora-gcc, r-patched-linux-x86_64, r-patched-solaris-x86, r-release-linux-x86_64