CRAN Package Check Results for Package dendextend

Last updated on 2019-05-26 17:52:47 CEST.

Flavor Version Tinstall Tcheck Ttotal Status Flags
r-devel-linux-x86_64-debian-clang 1.12.0 11.01 222.80 233.81 OK
r-devel-linux-x86_64-debian-gcc 1.12.0 8.66 216.34 225.00 OK
r-devel-linux-x86_64-fedora-clang 1.12.0 325.39 OK
r-devel-linux-x86_64-fedora-gcc 1.12.0 327.38 OK
r-devel-windows-ix86+x86_64 1.12.0 20.00 269.00 289.00 OK
r-patched-linux-x86_64 1.12.0 OK
r-patched-solaris-x86 1.12.0 406.30 WARN
r-release-linux-x86_64 1.12.0 9.43 268.70 278.13 OK
r-release-windows-ix86+x86_64 1.12.0 34.00 336.00 370.00 OK
r-release-osx-x86_64 1.12.0 WARN
r-oldrel-windows-ix86+x86_64 1.12.0 26.00 330.00 356.00 OK
r-oldrel-osx-x86_64 1.12.0 WARN

Check Details

Version: 1.12.0
Check: re-building of vignette outputs
Result: WARN
    Error(s) in re-building vignettes:
     ...
    --- re-building ‘Cluster_Analysis.Rmd’ using rmarkdown
    Warning in engine$weave(file, quiet = quiet, encoding = enc) :
     Pandoc (>= 1.12.3) and/or pandoc-citeproc not available. Falling back to R Markdown v1.
    
    ---------------------
    Welcome to dendextend version 1.12.0
    Type citation('dendextend') for how to cite the package.
    
    Type browseVignettes(package = 'dendextend') for the package vignette.
    The github page is: https://github.com/talgalili/dendextend/
    
    Suggestions and bug-reports can be submitted at: https://github.com/talgalili/dendextend/issues
    Or contact: <tal.galili@gmail.com>
    
     To suppress this message use: suppressPackageStartupMessages(library(dendextend))
    ---------------------
    
    
    Attaching package: 'dendextend'
    
    The following object is masked from 'package:stats':
    
     cutree
    
    --- finished re-building ‘Cluster_Analysis.Rmd’
    
    --- re-building ‘FAQ.Rmd’ using rmarkdown
    Warning in engine$weave(file, quiet = quiet, encoding = enc) :
     Pandoc (>= 1.12.3) and/or pandoc-citeproc not available. Falling back to R Markdown v1.
    
    ---------------------
    Welcome to dendextend version 1.12.0
    Type citation('dendextend') for how to cite the package.
    
    Type browseVignettes(package = 'dendextend') for the package vignette.
    The github page is: https://github.com/talgalili/dendextend/
    
    Suggestions and bug-reports can be submitted at: https://github.com/talgalili/dendextend/issues
    Or contact: <tal.galili@gmail.com>
    
     To suppress this message use: suppressPackageStartupMessages(library(dendextend))
    ---------------------
    
    
    Attaching package: 'dendextend'
    
    The following object is masked from 'package:stats':
    
     cutree
    
    --- finished re-building ‘FAQ.Rmd’
    
    --- re-building ‘Quick_Introduction.Rmd’ using rmarkdown
    Warning in engine$weave(file, quiet = quiet, encoding = enc) :
     Pandoc (>= 1.12.3) and/or pandoc-citeproc not available. Falling back to R Markdown v1.
    
    ---------------------
    Welcome to dendextend version 1.12.0
    Type citation('dendextend') for how to cite the package.
    
    Type browseVignettes(package = 'dendextend') for the package vignette.
    The github page is: https://github.com/talgalili/dendextend/
    
    Suggestions and bug-reports can be submitted at: https://github.com/talgalili/dendextend/issues
    Or contact: <tal.galili@gmail.com>
    
     To suppress this message use: suppressPackageStartupMessages(library(dendextend))
    ---------------------
    
    
    Attaching package: 'dendextend'
    
    The following object is masked from 'package:stats':
    
     cutree
    
    --- finished re-building ‘Quick_Introduction.Rmd’
    
    --- re-building ‘introduction.Rmd’ using rmarkdown
    Warning in engine$weave(file, quiet = quiet, encoding = enc) :
     Pandoc (>= 1.12.3) and/or pandoc-citeproc not available. Falling back to R Markdown v1.
    
    ---------------------
    Welcome to dendextend version 1.12.0
    Type citation('dendextend') for how to cite the package.
    
    Type browseVignettes(package = 'dendextend') for the package vignette.
    The github page is: https://github.com/talgalili/dendextend/
    
    Suggestions and bug-reports can be submitted at: https://github.com/talgalili/dendextend/issues
    Or contact: <tal.galili@gmail.com>
    
     To suppress this message use: suppressPackageStartupMessages(library(dendextend))
    ---------------------
    
    
    Attaching package: 'dendextend'
    
    The following object is masked from 'package:stats':
    
     cutree
    
    
    Attaching package: 'gplots'
    
    The following objects are masked from 'package:seriation':
    
     bluered, greenred
    
    The following object is masked from 'package:stats':
    
     lowess
    
    PhantomJS not found. You can install it with webshot::install_phantomjs(). If it is installed, please make sure the phantomjs executable can be found via the PATH variable.
    Quitting from lines 927-929 (introduction.Rmd)
    Error: processing vignette 'introduction.Rmd' failed with diagnostics:
    cannot open the connection
    --- failed re-building ‘introduction.Rmd’
    
    SUMMARY: processing the following file failed:
     ‘introduction.Rmd’
    
    Error: Vignette re-building failed.
    Execution halted
Flavor: r-patched-solaris-x86

Version: 1.12.0
Check: Rd cross-references
Result: NOTE
    Packages unavailable to check Rd xrefs: ‘WGCNA’, ‘moduleColor’
Flavor: r-release-osx-x86_64

Version: 1.12.0
Check: re-building of vignette outputs
Result: WARN
    Error(s) in re-building vignettes:
    --- re-building ‘Cluster_Analysis.Rmd’ using rmarkdown
    Warning in engine$weave(file, quiet = quiet, encoding = enc) :
     Pandoc (>= 1.12.3) and/or pandoc-citeproc not available. Falling back to R Markdown v1.
    
    ---------------------
    Welcome to dendextend version 1.12.0
    Type citation('dendextend') for how to cite the package.
    
    Type browseVignettes(package = 'dendextend') for the package vignette.
    The github page is: https://github.com/talgalili/dendextend/
    
    Suggestions and bug-reports can be submitted at: https://github.com/talgalili/dendextend/issues
    Or contact: <tal.galili@gmail.com>
    
     To suppress this message use: suppressPackageStartupMessages(library(dendextend))
    ---------------------
    
    
    Attaching package: 'dendextend'
    
    The following object is masked from 'package:stats':
    
     cutree
    
    --- finished re-building ‘Cluster_Analysis.Rmd’
    
    --- re-building ‘FAQ.Rmd’ using rmarkdown
    Warning in engine$weave(file, quiet = quiet, encoding = enc) :
     Pandoc (>= 1.12.3) and/or pandoc-citeproc not available. Falling back to R Markdown v1.
    
    ---------------------
    Welcome to dendextend version 1.12.0
    Type citation('dendextend') for how to cite the package.
    
    Type browseVignettes(package = 'dendextend') for the package vignette.
    The github page is: https://github.com/talgalili/dendextend/
    
    Suggestions and bug-reports can be submitted at: https://github.com/talgalili/dendextend/issues
    Or contact: <tal.galili@gmail.com>
    
     To suppress this message use: suppressPackageStartupMessages(library(dendextend))
    ---------------------
    
    
    Attaching package: 'dendextend'
    
    The following object is masked from 'package:stats':
    
     cutree
    
    --- finished re-building ‘FAQ.Rmd’
    
    --- re-building ‘Quick_Introduction.Rmd’ using rmarkdown
    Warning in engine$weave(file, quiet = quiet, encoding = enc) :
     Pandoc (>= 1.12.3) and/or pandoc-citeproc not available. Falling back to R Markdown v1.
    
    ---------------------
    Welcome to dendextend version 1.12.0
    Type citation('dendextend') for how to cite the package.
    
    Type browseVignettes(package = 'dendextend') for the package vignette.
    The github page is: https://github.com/talgalili/dendextend/
    
    Suggestions and bug-reports can be submitted at: https://github.com/talgalili/dendextend/issues
    Or contact: <tal.galili@gmail.com>
    
     To suppress this message use: suppressPackageStartupMessages(library(dendextend))
    ---------------------
    
    
    Attaching package: 'dendextend'
    
    The following object is masked from 'package:stats':
    
     cutree
    
    --- finished re-building ‘Quick_Introduction.Rmd’
    
    --- re-building ‘introduction.Rmd’ using rmarkdown
    Warning in engine$weave(file, quiet = quiet, encoding = enc) :
     Pandoc (>= 1.12.3) and/or pandoc-citeproc not available. Falling back to R Markdown v1.
    
    ---------------------
    Welcome to dendextend version 1.12.0
    Type citation('dendextend') for how to cite the package.
    
    Type browseVignettes(package = 'dendextend') for the package vignette.
    The github page is: https://github.com/talgalili/dendextend/
    
    Suggestions and bug-reports can be submitted at: https://github.com/talgalili/dendextend/issues
    Or contact: <tal.galili@gmail.com>
    
     To suppress this message use: suppressPackageStartupMessages(library(dendextend))
    ---------------------
    
    
    Attaching package: 'dendextend'
    
    The following object is masked from 'package:stats':
    
     cutree
    
    
    Attaching package: 'gplots'
    
    The following objects are masked from 'package:seriation':
    
     bluered, greenred
    
    The following object is masked from 'package:stats':
    
     lowess
    
    PhantomJS not found. You can install it with webshot::install_phantomjs(). If it is installed, please make sure the phantomjs executable can be found via the PATH variable.
    Quitting from lines 927-929 (introduction.Rmd)
    Error: processing vignette 'introduction.Rmd' failed with diagnostics:
    cannot open the connection
    --- failed re-building ‘introduction.Rmd’
    
    SUMMARY: processing the following file failed:
     ‘introduction.Rmd’
    
    Error: Vignette re-building failed.
    Execution halted
Flavor: r-release-osx-x86_64

Version: 1.12.0
Check: re-building of vignette outputs
Result: WARN
    Error in re-building vignettes:
     ...
    
     cutree
    
    Warning in engine$weave(file, quiet = quiet, encoding = enc) :
     Pandoc (>= 1.12.3) and/or pandoc-citeproc not available. Falling back to R Markdown v1.
    Warning in engine$weave(file, quiet = quiet, encoding = enc) :
     Pandoc (>= 1.12.3) and/or pandoc-citeproc not available. Falling back to R Markdown v1.
    Warning in engine$weave(file, quiet = quiet, encoding = enc) :
     Pandoc (>= 1.12.3) and/or pandoc-citeproc not available. Falling back to R Markdown v1.
    
    Attaching package: 'gplots'
    
    The following objects are masked from 'package:seriation':
    
     bluered, greenred
    
    The following object is masked from 'package:stats':
    
     lowess
    
    PhantomJS not found. You can install it with webshot::install_phantomjs(). If it is installed, please make sure the phantomjs executable can be found via the PATH variable.
    Quitting from lines 927-929 (introduction.Rmd)
    Error: processing vignette 'introduction.Rmd' failed with diagnostics:
    cannot open the connection
    Execution halted
Flavor: r-oldrel-osx-x86_64