CRAN Package Check Results for Package dendsort

Last updated on 2018-12-16 20:51:23 CET.

Flavor Version Tinstall Tcheck Ttotal Status Flags
r-devel-linux-x86_64-debian-clang 0.3.3 1.22 20.23 21.45 WARN
r-devel-linux-x86_64-debian-gcc 0.3.3 1.08 12.70 13.78 WARN
r-devel-linux-x86_64-fedora-clang 0.3.3 42.51 OK
r-devel-linux-x86_64-fedora-gcc 0.3.3 41.74 OK
r-devel-windows-ix86+x86_64 0.3.3 5.00 64.00 69.00 OK
r-patched-linux-x86_64 0.3.3 1.24 33.31 34.55 OK
r-patched-solaris-x86 0.3.3 59.10 OK
r-release-linux-x86_64 0.3.3 1.25 33.59 34.84 OK
r-release-windows-ix86+x86_64 0.3.3 2.00 64.00 66.00 OK
r-release-osx-x86_64 0.3.3 OK
r-oldrel-windows-ix86+x86_64 0.3.3 3.00 72.00 75.00 OK
r-oldrel-osx-x86_64 0.3.3 OK

Check Details

Version: 0.3.3
Check: re-building of vignette outputs
Result: WARN
    Error in re-building vignettes:
     ...
    Error: processing vignette ‘example_figures.Rmd’ failed with diagnostics:
    unable to load shared object ‘/home/hornik/tmp/R.check/r-devel-clang/Work/build/Packages/stringi/libs/stringi.so’:
     /home/hornik/tmp/R.check/r-devel-clang/Work/build/Packages/stringi/libs/stringi.so: failed to map segment from shared object
    Execution halted
Flavor: r-devel-linux-x86_64-debian-clang

Version: 0.3.3
Check: re-building of vignette outputs
Result: WARN
    Error in re-building vignettes:
     ...
    Error: processing vignette ‘example_figures.Rmd’ failed with diagnostics:
    unable to load shared object ‘/home/hornik/tmp/R.check/r-devel-gcc/Work/build/Packages/stringi/libs/stringi.so’:
     /home/hornik/tmp/R.check/r-devel-gcc/Work/build/Packages/stringi/libs/stringi.so: failed to map segment from shared object
    Execution halted
Flavor: r-devel-linux-x86_64-debian-gcc