Last updated on 2023-12-08 00:51:53 CET.
Flavor | Version | Tinstall | Tcheck | Ttotal | Status | Flags |
---|---|---|---|---|---|---|
r-devel-linux-x86_64-debian-clang | 1.0-2.2 | 212.85 | 163.78 | 376.63 | NOTE | |
r-devel-linux-x86_64-debian-gcc | 1.0-2.2 | 166.90 | 127.05 | 293.95 | NOTE | |
r-devel-linux-x86_64-fedora-clang | 1.0-2.2 | 525.63 | NOTE | |||
r-devel-linux-x86_64-fedora-gcc | 1.0-2.2 | 556.33 | NOTE | |||
r-devel-windows-x86_64 | 1.0-2.2 | 159.00 | 165.00 | 324.00 | NOTE | |
r-patched-linux-x86_64 | 1.0-2.2 | 149.64 | 165.31 | 314.95 | NOTE | |
r-release-linux-x86_64 | 1.0-2.2 | 139.36 | 164.16 | 303.52 | NOTE | |
r-release-macos-arm64 | 1.0-2.2 | 134.00 | NOTE | |||
r-release-macos-x86_64 | 1.0-2.2 | 206.00 | NOTE | |||
r-release-windows-x86_64 | 1.0-2.2 | 210.00 | 183.00 | 393.00 | NOTE | |
r-oldrel-macos-arm64 | 1.0-2.2 | 130.00 | NOTE | |||
r-oldrel-macos-x86_64 | 1.0-2.2 | 164.00 | NOTE | |||
r-oldrel-windows-x86_64 | 1.0-2.2 | 202.00 | 183.00 | 385.00 | NOTE |
Version: 1.0-2.2
Check: for GNU extensions in Makefiles
Result: NOTE
GNU make is a SystemRequirements.
Flavors: r-devel-linux-x86_64-debian-clang, r-devel-linux-x86_64-debian-gcc, r-devel-linux-x86_64-fedora-clang, r-devel-linux-x86_64-fedora-gcc, r-devel-windows-x86_64, r-patched-linux-x86_64, r-release-linux-x86_64, r-release-macos-arm64, r-release-macos-x86_64, r-release-windows-x86_64, r-oldrel-macos-arm64, r-oldrel-macos-x86_64, r-oldrel-windows-x86_64
Version: 1.0-2.2
Check: installed package size
Result: NOTE
installed size is 38.0Mb
sub-directories of 1Mb or more:
doc 1.9Mb
libs 35.8Mb
Flavors: r-release-macos-arm64, r-release-macos-x86_64, r-oldrel-macos-arm64, r-oldrel-macos-x86_64