CRAN Package Check Results for Package denseFLMM

Last updated on 2024-02-28 08:54:25 CET.

Flavor Version Tinstall Tcheck Ttotal Status Flags
r-devel-linux-x86_64-debian-clang 0.1.2 6.36 69.68 76.04 NOTE
r-devel-linux-x86_64-debian-gcc 0.1.2 6.88 52.64 59.52 NOTE
r-devel-linux-x86_64-fedora-clang 0.1.2 94.50 NOTE
r-devel-linux-x86_64-fedora-gcc 0.1.2 90.58 NOTE
r-devel-windows-x86_64 0.1.2 7.00 66.00 73.00 NOTE
r-patched-linux-x86_64 0.1.2 7.75 68.22 75.97 NOTE
r-release-linux-x86_64 0.1.2 6.98 70.09 77.07 NOTE
r-release-macos-arm64 0.1.2 33.00 NOTE
r-release-macos-x86_64 0.1.2 54.00 NOTE
r-release-windows-x86_64 0.1.2 9.00 80.00 89.00 NOTE
r-oldrel-macos-arm64 0.1.2 31.00 NOTE
r-oldrel-windows-x86_64 0.1.2 10.00 82.00 92.00 NOTE

Check Details

Version: 0.1.2
Check: package subdirectories
Result: NOTE Problems with news in ‘NEWS.md’: No news entries found. Flavors: r-devel-linux-x86_64-debian-clang, r-devel-linux-x86_64-debian-gcc, r-devel-linux-x86_64-fedora-clang, r-devel-linux-x86_64-fedora-gcc, r-devel-windows-x86_64, r-patched-linux-x86_64, r-release-linux-x86_64, r-release-macos-arm64, r-release-macos-x86_64, r-release-windows-x86_64

Version: 0.1.2
Check: LazyData
Result: NOTE 'LazyData' is specified without a 'data' directory Flavors: r-devel-linux-x86_64-debian-clang, r-devel-linux-x86_64-debian-gcc, r-devel-linux-x86_64-fedora-clang, r-devel-linux-x86_64-fedora-gcc, r-devel-windows-x86_64, r-patched-linux-x86_64, r-release-linux-x86_64, r-release-macos-arm64, r-release-macos-x86_64, r-release-windows-x86_64, r-oldrel-macos-arm64, r-oldrel-windows-x86_64

Version: 0.1.2
Check: dependencies in R code
Result: NOTE Namespace in Imports field not imported from: ‘mvtnorm’ All declared Imports should be used. Flavors: r-devel-linux-x86_64-fedora-clang, r-devel-linux-x86_64-fedora-gcc, r-oldrel-macos-arm64