CRAN Package Check Results for Package depmix

Last updated on 2020-07-16 19:47:16 CEST.

Flavor Version Tinstall Tcheck Ttotal Status Flags
r-devel-linux-x86_64-debian-clang 0.9.16 11.10 39.77 50.87 NOTE
r-devel-linux-x86_64-debian-gcc 0.9.16 7.65 30.53 38.18 NOTE
r-devel-linux-x86_64-fedora-clang 0.9.16 69.69 NOTE
r-devel-linux-x86_64-fedora-gcc 0.9.16 59.58 NOTE
r-devel-windows-ix86+x86_64 0.9.16 32.00 86.00 118.00 NOTE
r-patched-linux-x86_64 0.9.16 9.22 39.03 48.25 NOTE
r-patched-solaris-x86 0.9.16 83.80 NOTE
r-release-linux-x86_64 0.9.16 8.82 38.91 47.73 NOTE
r-release-windows-ix86+x86_64 0.9.16 31.00 61.00 92.00 NOTE
r-oldrel-macos-x86_64 0.9.16 NOTE
r-oldrel-windows-ix86+x86_64 0.9.16 31.00 76.00 107.00 NOTE

Check Details

Version: 0.9.16
Check: package dependencies
Result: NOTE
    Package suggested but not available for checking: 'Rdonlp2'
Flavors: r-devel-linux-x86_64-debian-clang, r-devel-linux-x86_64-debian-gcc, r-devel-linux-x86_64-fedora-clang, r-devel-linux-x86_64-fedora-gcc, r-devel-windows-ix86+x86_64, r-patched-linux-x86_64, r-patched-solaris-x86, r-release-linux-x86_64, r-release-windows-ix86+x86_64, r-oldrel-macos-x86_64, r-oldrel-windows-ix86+x86_64