CRAN Package Check Results for Package depmix

Last updated on 2020-11-24 15:52:05 CET.

Flavor Version Tinstall Tcheck Ttotal Status Flags
r-devel-linux-x86_64-debian-clang 0.9.16 12.97 43.77 56.74 NOTE
r-devel-linux-x86_64-debian-gcc 0.9.16 9.81 35.93 45.74 NOTE
r-devel-linux-x86_64-fedora-clang 0.9.16 72.57 NOTE
r-devel-linux-x86_64-fedora-gcc 0.9.16 61.32 NOTE
r-devel-windows-ix86+x86_64 0.9.16 25.00 73.00 98.00 NOTE
r-patched-linux-x86_64 0.9.16 14.09 40.44 54.53 NOTE
r-patched-solaris-x86 0.9.16 85.10 NOTE
r-release-linux-x86_64 0.9.16 11.59 41.30 52.89 NOTE
r-release-macos-x86_64 0.9.16 NOTE
r-release-windows-ix86+x86_64 0.9.16 22.00 61.00 83.00 NOTE
r-oldrel-macos-x86_64 0.9.16 NOTE
r-oldrel-windows-ix86+x86_64 0.9.16 19.00 68.00 87.00 NOTE

Check Details

Version: 0.9.16
Check: package dependencies
Result: NOTE
    Package suggested but not available for checking: 'Rdonlp2'
Flavors: r-devel-linux-x86_64-debian-clang, r-devel-linux-x86_64-debian-gcc, r-devel-linux-x86_64-fedora-clang, r-devel-linux-x86_64-fedora-gcc, r-devel-windows-ix86+x86_64, r-patched-linux-x86_64, r-patched-solaris-x86, r-release-linux-x86_64, r-release-macos-x86_64, r-release-windows-ix86+x86_64, r-oldrel-macos-x86_64, r-oldrel-windows-ix86+x86_64