CRAN Package Check Results for Package depmix

Last updated on 2019-08-19 11:49:01 CEST.

Flavor Version Tinstall Tcheck Ttotal Status Flags
r-devel-linux-x86_64-debian-clang 0.9.15 8.61 34.81 43.42 NOTE
r-devel-linux-x86_64-debian-gcc 0.9.15 6.89 28.01 34.90 NOTE
r-devel-linux-x86_64-fedora-clang 0.9.15 55.52 NOTE
r-devel-linux-x86_64-fedora-gcc 0.9.15 52.37 NOTE
r-devel-windows-ix86+x86_64 0.9.15 34.00 77.00 111.00 NOTE
r-patched-linux-x86_64 0.9.15 7.78 34.42 42.20 NOTE
r-patched-solaris-x86 0.9.15 83.20 NOTE
r-release-linux-x86_64 0.9.15 8.10 33.91 42.01 NOTE
r-release-windows-ix86+x86_64 0.9.15 21.00 57.00 78.00 NOTE
r-release-osx-x86_64 0.9.15 NOTE
r-oldrel-windows-ix86+x86_64 0.9.15 35.00 72.00 107.00 NOTE
r-oldrel-osx-x86_64 0.9.15 NOTE

Check Details

Version: 0.9.15
Check: package dependencies
Result: NOTE
    Package suggested but not available for checking: 'Rdonlp2'
Flavors: r-devel-linux-x86_64-debian-clang, r-devel-linux-x86_64-debian-gcc, r-devel-linux-x86_64-fedora-clang, r-devel-linux-x86_64-fedora-gcc, r-devel-windows-ix86+x86_64, r-patched-linux-x86_64, r-patched-solaris-x86, r-release-linux-x86_64, r-release-windows-ix86+x86_64, r-release-osx-x86_64, r-oldrel-windows-ix86+x86_64, r-oldrel-osx-x86_64