CRAN Package Check Results for Package depmix

Last updated on 2019-06-16 02:47:56 CEST.

Flavor Version Tinstall Tcheck Ttotal Status Flags
r-devel-linux-x86_64-debian-clang 0.9.15 9.34 34.46 43.80 NOTE
r-devel-linux-x86_64-debian-gcc 0.9.15 6.96 27.08 34.04 NOTE
r-devel-linux-x86_64-fedora-clang 0.9.15 53.32 NOTE
r-devel-linux-x86_64-fedora-gcc 0.9.15 49.96 NOTE
r-devel-windows-ix86+x86_64 0.9.15 36.00 56.00 92.00 NOTE
r-patched-linux-x86_64 0.9.15 7.87 33.96 41.83 NOTE
r-patched-solaris-x86 0.9.15 78.40 NOTE
r-release-linux-x86_64 0.9.15 8.66 34.52 43.18 NOTE
r-release-windows-ix86+x86_64 0.9.15 25.00 84.00 109.00 NOTE
r-release-osx-x86_64 0.9.15 NOTE
r-oldrel-windows-ix86+x86_64 0.9.15 21.00 74.00 95.00 NOTE
r-oldrel-osx-x86_64 0.9.15 NOTE

Check Details

Version: 0.9.15
Check: package dependencies
Result: NOTE
    Package suggested but not available for checking: 'Rdonlp2'
Flavors: r-devel-linux-x86_64-debian-clang, r-devel-linux-x86_64-debian-gcc, r-devel-linux-x86_64-fedora-clang, r-devel-linux-x86_64-fedora-gcc, r-devel-windows-ix86+x86_64, r-patched-linux-x86_64, r-patched-solaris-x86, r-release-linux-x86_64, r-release-windows-ix86+x86_64, r-release-osx-x86_64, r-oldrel-windows-ix86+x86_64, r-oldrel-osx-x86_64