CRAN Package Check Results for Package depmix

Last updated on 2024-03-04 04:51:27 CET.

Flavor Version Tinstall Tcheck Ttotal Status Flags
r-devel-linux-x86_64-debian-clang 0.9.16 12.41 44.94 57.35 NOTE
r-devel-linux-x86_64-debian-gcc 0.9.16 10.29 34.46 44.75 NOTE
r-devel-linux-x86_64-fedora-clang 0.9.16 70.52 NOTE
r-devel-linux-x86_64-fedora-gcc 0.9.16 72.20 NOTE
r-devel-windows-x86_64 0.9.16 14.00 61.00 75.00 NOTE
r-patched-linux-x86_64 0.9.16 12.20 44.39 56.59 NOTE
r-release-linux-x86_64 0.9.16 13.86 44.52 58.38 NOTE
r-release-macos-arm64 0.9.16 25.00 NOTE
r-release-macos-x86_64 0.9.16 38.00 NOTE
r-release-windows-x86_64 0.9.16 14.00 61.00 75.00 NOTE
r-oldrel-macos-arm64 0.9.16 28.00 NOTE
r-oldrel-windows-x86_64 0.9.16 18.00 66.00 84.00 NOTE

Additional issues

noRemap

Check Details

Version: 0.9.16
Check: package dependencies
Result: NOTE Package suggested but not available for checking: ‘Rdonlp2’ Flavors: r-devel-linux-x86_64-debian-clang, r-devel-linux-x86_64-debian-gcc, r-devel-linux-x86_64-fedora-clang, r-devel-linux-x86_64-fedora-gcc, r-devel-windows-x86_64, r-patched-linux-x86_64, r-release-linux-x86_64, r-release-macos-arm64, r-release-macos-x86_64, r-release-windows-x86_64, r-oldrel-macos-arm64, r-oldrel-windows-x86_64

Version: 0.9.16
Check: Rd files
Result: NOTE checkRd: (-1) discrimination.Rd:19: Escaped LaTeX specials: \& checkRd: (-1) fitdmm.Rd:59: Escaped LaTeX specials: \$ Flavors: r-devel-linux-x86_64-debian-clang, r-devel-linux-x86_64-debian-gcc, r-devel-linux-x86_64-fedora-clang, r-devel-linux-x86_64-fedora-gcc, r-devel-windows-x86_64, r-patched-linux-x86_64, r-release-linux-x86_64, r-release-macos-arm64, r-release-macos-x86_64, r-release-windows-x86_64