CRAN Package Check Results for Package descr

Last updated on 2019-10-14 05:46:54 CEST.

Flavor Version Tinstall Tcheck Ttotal Status Flags
r-devel-linux-x86_64-debian-clang 1.1.4 4.63 25.77 30.40 NOTE
r-devel-linux-x86_64-debian-gcc 1.1.4 3.64 20.68 24.32 NOTE
r-devel-linux-x86_64-fedora-clang 1.1.4 37.34 NOTE
r-devel-linux-x86_64-fedora-gcc 1.1.4 36.03 NOTE
r-devel-windows-ix86+x86_64 1.1.4 10.00 63.00 73.00 OK
r-patched-linux-x86_64 1.1.4 3.88 25.68 29.56 OK
r-patched-solaris-x86 1.1.4 51.10 OK
r-release-linux-x86_64 1.1.4 3.88 25.40 29.28 OK
r-release-windows-ix86+x86_64 1.1.4 13.00 45.00 58.00 OK
r-release-osx-x86_64 1.1.4 OK
r-oldrel-windows-ix86+x86_64 1.1.4 8.00 39.00 47.00 OK
r-oldrel-osx-x86_64 1.1.4 OK

Check Details

Version: 1.1.4
Check: for non-standard things in the check directory
Result: NOTE
    Found the following files/directories:
     'x.R' 'x.sps' 'x.txt'
Flavors: r-devel-linux-x86_64-debian-clang, r-devel-linux-x86_64-debian-gcc, r-devel-linux-x86_64-fedora-clang, r-devel-linux-x86_64-fedora-gcc