Last updated on 2023-06-11 01:53:31 CEST.
Flavor | Version | Tinstall | Tcheck | Ttotal | Status | Flags |
---|---|---|---|---|---|---|
r-devel-linux-x86_64-debian-clang | 1.1 | 7.99 | 84.72 | 92.71 | OK | |
r-devel-linux-x86_64-debian-gcc | 1.1 | 6.85 | 62.89 | 69.74 | OK | |
r-devel-linux-x86_64-fedora-clang | 1.1 | 111.98 | NOTE | |||
r-devel-linux-x86_64-fedora-gcc | 1.1 | 108.85 | OK | |||
r-devel-windows-x86_64 | 1.1 | 9.00 | 84.00 | 93.00 | OK | |
r-patched-linux-x86_64 | 1.1 | 6.64 | 79.59 | 86.23 | OK | |
r-release-linux-x86_64 | 1.1 | 6.64 | 80.40 | 87.04 | OK | |
r-release-macos-arm64 | 1.1 | 38.00 | OK | |||
r-release-macos-x86_64 | 1.1 | 61.00 | NOTE | |||
r-release-windows-x86_64 | 1.1 | 10.00 | 100.00 | 110.00 | OK | |
r-oldrel-macos-arm64 | 1.1 | 34.00 | OK | |||
r-oldrel-macos-x86_64 | 1.1 | 48.00 | OK | |||
r-oldrel-windows-x86_64 | 1.1 | 10.00 | 100.00 | 110.00 | OK |
Version: 1.1
Check: Rd cross-references
Result: NOTE
Undeclared packages ‘FactoMineR’, ‘vcd’ in Rd xrefs
Flavor: r-devel-linux-x86_64-fedora-clang
Version: 1.1
Check: Rd cross-references
Result: NOTE
Package unavailable to check Rd xrefs: ‘FactoMineR’
Flavor: r-release-macos-x86_64