CRAN Package Check Results for Package descriptio

Last updated on 2024-04-16 08:57:53 CEST.

Flavor Version Tinstall Tcheck Ttotal Status Flags
r-devel-linux-x86_64-debian-clang 1.3 7.81 99.30 107.11 OK
r-devel-linux-x86_64-debian-gcc 1.3 6.45 70.89 77.34 OK
r-devel-linux-x86_64-fedora-clang 1.3 140.65 NOTE
r-devel-linux-x86_64-fedora-gcc 1.3 135.32 OK
r-prerel-macos-arm64 1.3 37.00 OK
r-prerel-macos-x86_64 1.3 91.00 OK
r-prerel-windows-x86_64 1.3 8.00 92.00 100.00 OK
r-patched-linux-x86_64 1.3 8.81 94.39 103.20 OK
r-release-linux-x86_64 1.3 7.08 94.78 101.86 OK
r-release-macos-arm64 1.3 41.00 OK
r-release-macos-x86_64 1.3 87.00 OK
r-release-windows-x86_64 1.3 12.00 109.00 121.00 OK
r-oldrel-macos-arm64 1.3 41.00 OK
r-oldrel-windows-x86_64 1.3 12.00 114.00 126.00 OK

Check Details

Version: 1.3
Check: Rd cross-references
Result: NOTE Undeclared packages ‘FactoMineR’, ‘vcd’ in Rd xrefs Flavor: r-devel-linux-x86_64-fedora-clang