CRAN Package Check Results for Package descriptr

Last updated on 2018-10-21 06:46:31 CEST.

Flavor Version Tinstall Tcheck Ttotal Status Flags
r-devel-linux-x86_64-debian-clang 0.4.1 7.34 72.63 79.97 OK
r-devel-linux-x86_64-debian-gcc 0.4.1 4.78 56.71 61.49 OK
r-devel-linux-x86_64-fedora-clang 0.4.1 95.59 OK
r-devel-linux-x86_64-fedora-gcc 0.4.1 93.10 OK
r-devel-windows-ix86+x86_64 0.4.1 18.00 113.00 131.00 OK
r-patched-linux-x86_64 0.4.1 5.85 66.01 71.86 OK
r-patched-solaris-x86 0.4.1 118.90 OK
r-release-linux-x86_64 0.4.1 4.62 65.54 70.16 NOTE
r-release-windows-ix86+x86_64 0.4.1 18.00 109.00 127.00 OK
r-release-osx-x86_64 0.4.1 OK
r-oldrel-windows-ix86+x86_64 0.4.1 10.00 139.00 149.00 OK
r-oldrel-osx-x86_64 0.4.1 OK

Check Details

Version: 0.4.1
Check: package dependencies
Result: NOTE
    Package suggested but not available for checking: ‘vdiffr’
Flavor: r-release-linux-x86_64