CRAN Package Check Results for Package descriptr

Last updated on 2020-02-19 03:48:54 CET.

Flavor Version Tinstall Tcheck Ttotal Status Flags
r-devel-linux-x86_64-debian-clang 0.5.1 6.71 136.49 143.20 OK
r-devel-linux-x86_64-debian-gcc 0.5.1 5.02 98.92 103.94 OK
r-devel-linux-x86_64-fedora-clang 0.5.1 157.13 OK
r-devel-linux-x86_64-fedora-gcc 0.5.1 154.73 OK
r-devel-windows-ix86+x86_64 0.5.1 10.00 146.00 156.00 OK
r-devel-windows-ix86+x86_64-gcc8 0.5.0 17.00 176.00 193.00 ERROR
r-patched-linux-x86_64 0.5.1 5.23 116.16 121.39 OK
r-patched-solaris-x86 0.5.1 188.00 OK
r-release-linux-x86_64 0.5.1 5.52 116.93 122.45 OK
r-release-windows-ix86+x86_64 0.5.1 7.00 131.00 138.00 OK
r-release-osx-x86_64 0.5.1 OK
r-oldrel-windows-ix86+x86_64 0.5.1 7.00 140.00 147.00 OK
r-oldrel-osx-x86_64 0.5.1 OK

Check Details

Version: 0.5.0
Check: tests
Result: ERROR
     Running 'testthat.R' [13s]
    Running the tests in 'tests/testthat.R' failed.
    Complete output:
     > library(testthat)
     > library(descriptr)
     >
     > test_check("descriptr")
     -- 1. Failure: output from ds_cross_table matches expected results (@test-cross-
     k$row_percent[, 3] not equivalent to c(0.24, 0.48, 0.29).
     1/3 mismatches
     [1] 0.23 - 0.24 == -0.01
    
     == testthat results ===========================================================
     [ OK: 256 | SKIPPED: 4 | WARNINGS: 0 | FAILED: 1 ]
     1. Failure: output from ds_cross_table matches expected results (@test-cross-table.R#38)
    
     Error: testthat unit tests failed
     Execution halted
Flavor: r-devel-windows-ix86+x86_64-gcc8