CRAN Package Check Results for Package descriptr

Last updated on 2021-07-27 19:52:39 CEST.

Flavor Version Tinstall Tcheck Ttotal Status Flags
r-devel-linux-x86_64-debian-clang 0.5.2 6.57 103.33 109.90 OK
r-devel-linux-x86_64-debian-gcc 0.5.2 4.72 75.58 80.30 OK
r-devel-linux-x86_64-fedora-clang 0.5.2 132.05 OK
r-devel-linux-x86_64-fedora-gcc 0.5.2 123.32 OK
r-devel-windows-x86_64 0.5.2 10.00 134.00 144.00 OK
r-devel-windows-x86_64-gcc10-UCRT 0.5.2 OK
r-patched-linux-x86_64 0.5.2 6.19 96.19 102.38 OK
r-patched-solaris-x86 0.5.2 160.60 OK
r-release-linux-x86_64 0.5.2 4.95 95.65 100.60 OK
r-release-macos-arm64 0.5.2 WARN
r-release-macos-x86_64 0.5.2 OK
r-release-windows-ix86+x86_64 0.5.2 10.00 92.00 102.00 OK
r-oldrel-macos-x86_64 0.5.2 OK
r-oldrel-windows-ix86+x86_64 0.5.2 9.00 133.00 142.00 OK

Check Details

Version: 0.5.2
Check: re-building of vignette outputs
Result: WARN
    Error(s) in re-building vignettes:
    --- re-building ‘categorical-data.Rmd’ using rmarkdown
    Warning in engine$weave(file, quiet = quiet, encoding = enc) :
     Pandoc (>= 1.12.3) not available. Falling back to R Markdown v1.
    
    Attaching package: 'dplyr'
    
    The following objects are masked from 'package:stats':
    
     filter, lag
    
    The following objects are masked from 'package:base':
    
     intersect, setdiff, setequal, union
    
    Quitting from lines 57-59 (categorical-data.Rmd)
    Error: processing vignette 'categorical-data.Rmd' failed with diagnostics:
    polygon edge not found
    --- failed re-building ‘categorical-data.Rmd’
    
    --- re-building ‘continuous-data.Rmd’ using rmarkdown
    Warning in engine$weave(file, quiet = quiet, encoding = enc) :
     Pandoc (>= 1.12.3) not available. Falling back to R Markdown v1.
    
    Attaching package: 'dplyr'
    
    The following objects are masked from 'package:stats':
    
     filter, lag
    
    The following objects are masked from 'package:base':
    
     intersect, setdiff, setequal, union
    
    Quitting from lines 84-86 (continuous-data.Rmd)
    Error: processing vignette 'continuous-data.Rmd' failed with diagnostics:
    polygon edge not found
    --- failed re-building ‘continuous-data.Rmd’
    
    --- re-building ‘visualization.Rmd’ using rmarkdown
    Warning in engine$weave(file, quiet = quiet, encoding = enc) :
     Pandoc (>= 1.12.3) not available. Falling back to R Markdown v1.
    
    Attaching package: 'dplyr'
    
    The following objects are masked from 'package:stats':
    
     filter, lag
    
    The following objects are masked from 'package:base':
    
     intersect, setdiff, setequal, union
    
    Quitting from lines 46-47 (visualization.Rmd)
    Error: processing vignette 'visualization.Rmd' failed with diagnostics:
    polygon edge not found
    --- failed re-building ‘visualization.Rmd’
    
    SUMMARY: processing the following files failed:
     ‘categorical-data.Rmd’ ‘continuous-data.Rmd’ ‘visualization.Rmd’
    
    Error: Vignette re-building failed.
    Execution halted
Flavor: r-release-macos-arm64