CRAN Package Check Results for Package descstat

Last updated on 2021-03-05 02:49:07 CET.

Flavor Version Tinstall Tcheck Ttotal Status Flags
r-devel-linux-x86_64-debian-clang 0.1-2 14.68 97.82 112.50 OK
r-devel-linux-x86_64-debian-gcc 0.1-2 15.17 74.08 89.25 OK
r-devel-linux-x86_64-fedora-clang 0.1-2 147.73 OK
r-devel-linux-x86_64-fedora-gcc 0.1-2 135.89 OK
r-devel-windows-ix86+x86_64 0.1-2 25.00 123.00 148.00 OK
r-patched-linux-x86_64 0.1-2 OK
r-patched-solaris-x86 0.1-2 211.30 OK
r-release-linux-x86_64 0.1-2 15.71 91.82 107.53 OK
r-release-macos-x86_64 0.1-2 OK
r-release-windows-ix86+x86_64 0.1-2 29.00 128.00 157.00 OK
r-oldrel-macos-x86_64 0.1-2 ERROR

Check Details

Version: 0.1-2
Check: whether package can be installed
Result: ERROR
    Installation failed.
Flavor: r-oldrel-macos-x86_64