CRAN Package Check Results for Package desctable

Last updated on 2022-10-05 23:54:58 CEST.

Flavor Version Tinstall Tcheck Ttotal Status Flags
r-devel-linux-x86_64-debian-clang 0.3.0 7.99 74.02 82.01 OK
r-devel-linux-x86_64-debian-gcc 0.3.0 5.74 55.10 60.84 OK
r-devel-linux-x86_64-fedora-clang 0.3.0 112.06 NOTE
r-devel-linux-x86_64-fedora-gcc 0.3.0 107.72 OK
r-devel-windows-x86_64 0.3.0 35.00 117.00 152.00 OK
r-patched-linux-x86_64 0.3.0 12.61 67.92 80.53 OK
r-release-linux-x86_64 0.3.0 6.21 68.65 74.86 OK
r-release-macos-arm64 0.3.0 35.00 OK
r-release-macos-x86_64 0.3.0 68.00 OK
r-release-windows-x86_64 0.3.0 30.00 108.00 138.00 OK
r-oldrel-macos-arm64 0.3.0 29.00 OK
r-oldrel-macos-x86_64 0.3.0 62.00 OK
r-oldrel-windows-ix86+x86_64 0.3.0 16.00 98.00 114.00 OK

Check Details

Version: 0.3.0
Check: Rd cross-references
Result: NOTE
    Undeclared package ‘htmlwidgets’ in Rd xrefs
Flavor: r-devel-linux-x86_64-fedora-clang