CRAN Package Check Results for Package deseats

Last updated on 2024-02-28 07:53:40 CET.

Flavor Version Tinstall Tcheck Ttotal Status Flags
r-devel-linux-x86_64-debian-clang 1.0.0 100.20 89.72 189.92 OK
r-devel-linux-x86_64-debian-gcc 1.0.0 77.95 67.21 145.16 OK
r-devel-linux-x86_64-fedora-clang 1.0.0 262.23 NOTE
r-devel-linux-x86_64-fedora-gcc 1.0.0 278.48 OK
r-devel-windows-x86_64 1.0.0 78.00 116.00 194.00 OK
r-patched-linux-x86_64 1.0.0 101.15 86.47 187.62 OK
r-release-linux-x86_64 1.0.0 93.33 88.09 181.42 OK
r-release-macos-arm64 1.0.0 69.00 NOTE
r-release-macos-x86_64 1.0.0 106.00 NOTE
r-release-windows-x86_64 1.0.0 96.00 137.00 233.00 OK
r-oldrel-macos-arm64 1.0.0 71.00 NOTE
r-oldrel-windows-x86_64 1.0.0 96.00 124.00 220.00 OK

Check Details

Version: 1.0.0
Check: Rd cross-references
Result: NOTE Undeclared package ‘RcppArmadillo’ in Rd xrefs Flavor: r-devel-linux-x86_64-fedora-clang

Version: 1.0.0
Check: installed package size
Result: NOTE installed size is 5.8Mb sub-directories of 1Mb or more: libs 5.0Mb Flavors: r-release-macos-arm64, r-release-macos-x86_64, r-oldrel-macos-arm64