CRAN Package Check Results for Package designr

Last updated on 2019-12-06 13:48:32 CET.

Flavor Version Tinstall Tcheck Ttotal Status Flags
r-devel-linux-x86_64-debian-clang 0.1.9 4.58 33.81 38.39 OK
r-devel-linux-x86_64-debian-gcc 0.1.9 4.26 26.50 30.76 OK
r-devel-linux-x86_64-fedora-clang 0.1.9 47.71 NOTE
r-devel-linux-x86_64-fedora-gcc 0.1.9 45.43 NOTE
r-devel-windows-ix86+x86_64 0.1.9 10.00 49.00 59.00 OK
r-devel-windows-ix86+x86_64-gcc8 0.1.8 9.00 49.00 58.00 OK
r-patched-linux-x86_64 0.1.8 3.49 32.29 35.78 OK
r-patched-solaris-x86 0.1.9 60.10 NOTE
r-release-linux-x86_64 0.1.9 3.53 31.08 34.61 OK
r-release-windows-ix86+x86_64 0.1.8 9.00 46.00 55.00 OK
r-release-osx-x86_64 0.1.9 NOTE
r-oldrel-windows-ix86+x86_64 0.1.8 5.00 47.00 52.00 OK
r-oldrel-osx-x86_64 0.1.9 NOTE

Check Details

Version: 0.1.9
Check: dependencies in R code
Result: NOTE
    Namespace in Imports field not imported from: ‘MASS’
     All declared Imports should be used.
Flavors: r-devel-linux-x86_64-fedora-clang, r-devel-linux-x86_64-fedora-gcc, r-patched-solaris-x86, r-release-osx-x86_64, r-oldrel-osx-x86_64