CRAN Package Check Results for Package designr

Last updated on 2024-02-23 00:59:26 CET.

Flavor Version Tinstall Tcheck Ttotal Status Flags
r-devel-linux-x86_64-debian-clang 0.1.13 OK
r-devel-linux-x86_64-debian-gcc 0.1.13 8.94 92.45 101.39 OK
r-devel-linux-x86_64-fedora-clang 0.1.13 166.43 NOTE
r-devel-linux-x86_64-fedora-gcc 0.1.13 173.16 NOTE
r-devel-windows-x86_64 0.1.13 12.00 106.00 118.00 OK
r-patched-linux-x86_64 0.1.13 11.90 121.68 133.58 OK
r-release-linux-x86_64 0.1.13 9.25 120.32 129.57 OK
r-release-macos-arm64 0.1.13 57.00 OK
r-release-macos-x86_64 0.1.13 165.00 OK
r-release-windows-x86_64 0.1.13 16.00 125.00 141.00 OK
r-oldrel-macos-arm64 0.1.13 48.00 OK
r-oldrel-windows-x86_64 0.1.13 17.00 128.00 145.00 OK

Check Details

Version: 0.1.13
Check: data for non-ASCII characters
Result: NOTE Note: found 47 marked UTF-8 strings Flavors: r-devel-linux-x86_64-fedora-clang, r-devel-linux-x86_64-fedora-gcc