CRAN Package Check Results for Package desirability

Last updated on 2024-02-27 08:55:14 CET.

Flavor Version Tinstall Tcheck Ttotal Status Flags
r-devel-linux-x86_64-debian-clang 2.1 2.36 38.92 41.28 OK
r-devel-linux-x86_64-debian-gcc 2.1 1.98 30.22 32.20 OK
r-devel-linux-x86_64-fedora-clang 2.1 52.32 OK
r-devel-linux-x86_64-fedora-gcc 2.1 62.23 OK
r-devel-windows-x86_64 2.1 3.00 61.00 64.00 OK
r-patched-linux-x86_64 2.1 2.26 37.99 40.25 OK
r-release-linux-x86_64 2.1 2.40 38.69 41.09 OK
r-release-macos-arm64 2.1 29.00 OK
r-release-macos-x86_64 2.1 44.00 NOTE
r-release-windows-x86_64 2.1 4.00 59.00 63.00 OK
r-oldrel-macos-arm64 2.1 24.00 OK
r-oldrel-windows-x86_64 2.1 4.00 64.00 68.00 OK

Check Details

Version: 2.1
Check: re-building of vignette outputs
Result: NOTE Error(s) in re-building vignettes: ... --- re-building ‘desirability.Rnw’ using Sweave Error: processing vignette 'desirability.Rnw' failed with diagnostics: Running 'texi2dvi' on 'desirability.tex' failed. LaTeX errors: ! LaTeX Error: File `algorithm2e.sty' not found. Type X to quit or <RETURN> to proceed, or enter new name. (Default extension: sty) ! Emergency stop. <read *> l.14 \usepackage [^^M ! ==> Fatal error occurred, no output PDF file produced! --- failed re-building ‘desirability.Rnw’ SUMMARY: processing the following file failed: ‘desirability.Rnw’ Error: Vignette re-building failed. Execution halted Flavor: r-release-macos-x86_64