CRAN Package Check Results for Package desla

Last updated on 2022-12-02 05:55:14 CET.

Flavor Version Tinstall Tcheck Ttotal Status Flags
r-devel-linux-x86_64-debian-clang 0.2.0 56.53 37.55 94.08 OK
r-devel-linux-x86_64-debian-gcc 0.2.0 46.01 29.07 75.08 OK
r-devel-linux-x86_64-fedora-clang 0.2.0 140.50 OK
r-devel-linux-x86_64-fedora-gcc 0.2.0 137.62 OK
r-devel-windows-x86_64 0.2.0 53.00 86.00 139.00 OK
r-patched-linux-x86_64 0.2.0 50.70 35.16 85.86 OK
r-release-linux-x86_64 0.2.0 52.24 35.65 87.89 OK
r-release-macos-arm64 0.2.0 36.00 NOTE
r-release-macos-x86_64 0.2.0 48.00 NOTE
r-release-windows-x86_64 0.2.0 54.00 90.00 144.00 OK
r-oldrel-macos-arm64 0.2.0 34.00 NOTE
r-oldrel-macos-x86_64 0.2.0 49.00 NOTE
r-oldrel-windows-ix86+x86_64 0.2.0 129.00 93.00 222.00 OK

Check Details

Version: 0.2.0
Check: installed package size
Result: NOTE
     installed size is 6.0Mb
     sub-directories of 1Mb or more:
     libs 5.9Mb
Flavors: r-release-macos-arm64, r-release-macos-x86_64, r-oldrel-macos-arm64, r-oldrel-macos-x86_64