CRAN Package Check Results for Package detector

Last updated on 2023-02-05 11:56:31 CET.

Flavor Version Tinstall Tcheck Ttotal Status Flags
r-devel-linux-x86_64-debian-clang 0.1.0 2.02 23.85 25.87 NOTE
r-devel-linux-x86_64-debian-gcc 0.1.0 1.67 18.48 20.15 NOTE
r-devel-linux-x86_64-fedora-clang 0.1.0 32.68 NOTE
r-devel-linux-x86_64-fedora-gcc 0.1.0 31.60 NOTE
r-devel-windows-x86_64 0.1.0 13.00 55.00 68.00 NOTE
r-patched-linux-x86_64 0.1.0 2.05 24.05 26.10 NOTE
r-release-linux-x86_64 0.1.0 1.99 23.45 25.44 NOTE
r-release-macos-arm64 0.1.0 19.00 NOTE
r-release-macos-x86_64 0.1.0 21.00 NOTE
r-release-windows-x86_64 0.1.0 15.00 56.00 71.00 NOTE
r-oldrel-macos-arm64 0.1.0 20.00 NOTE
r-oldrel-macos-x86_64 0.1.0 25.00 NOTE
r-oldrel-windows-ix86+x86_64 0.1.0 5.00 48.00 53.00 NOTE

Check Details

Version: 0.1.0
Check: LazyData
Result: NOTE
     'LazyData' is specified without a 'data' directory
Flavors: r-devel-linux-x86_64-debian-clang, r-devel-linux-x86_64-debian-gcc, r-devel-linux-x86_64-fedora-clang, r-devel-linux-x86_64-fedora-gcc, r-devel-windows-x86_64, r-patched-linux-x86_64, r-release-linux-x86_64, r-release-macos-arm64, r-release-macos-x86_64, r-release-windows-x86_64, r-oldrel-macos-arm64, r-oldrel-macos-x86_64, r-oldrel-windows-ix86+x86_64