CRAN Package Check Results for Package detzrcr

Last updated on 2023-04-01 12:56:23 CEST.

Flavor Version Tinstall Tcheck Ttotal Status Flags
r-devel-linux-x86_64-debian-clang 0.3.1 3.62 33.18 36.80 NOTE
r-devel-linux-x86_64-debian-gcc 0.3.1 3.09 25.98 29.07 NOTE
r-devel-linux-x86_64-fedora-clang 0.3.1 47.91 NOTE
r-devel-linux-x86_64-fedora-gcc 0.3.1 55.74 NOTE
r-devel-windows-x86_64 0.3.1 11.00 70.00 81.00 NOTE
r-patched-linux-x86_64 0.3.1 3.77 32.39 36.16 NOTE
r-release-linux-x86_64 0.3.1 3.17 33.29 36.46 NOTE
r-release-macos-arm64 0.3.1 21.00 NOTE
r-release-macos-x86_64 0.3.1 35.00 NOTE
r-release-windows-x86_64 0.3.1 15.00 69.00 84.00 NOTE
r-oldrel-macos-arm64 0.3.1 26.00 NOTE
r-oldrel-macos-x86_64 0.3.1 33.00 NOTE
r-oldrel-windows-ix86+x86_64 0.3.1 10.00 60.00 70.00 NOTE

Check Details

Version: 0.3.1
Check: LazyData
Result: NOTE
     'LazyData' is specified without a 'data' directory
Flavors: r-devel-linux-x86_64-debian-clang, r-devel-linux-x86_64-debian-gcc, r-devel-linux-x86_64-fedora-clang, r-devel-linux-x86_64-fedora-gcc, r-devel-windows-x86_64, r-patched-linux-x86_64, r-release-linux-x86_64, r-release-macos-arm64, r-release-macos-x86_64, r-release-windows-x86_64, r-oldrel-macos-arm64, r-oldrel-macos-x86_64, r-oldrel-windows-ix86+x86_64

Version: 0.3.1
Check: dependencies in R code
Result: NOTE
    Namespaces in Imports field not imported from:
     ‘DT’ ‘utils’
     All declared Imports should be used.
Flavors: r-devel-linux-x86_64-fedora-clang, r-devel-linux-x86_64-fedora-gcc, r-release-macos-arm64, r-release-macos-x86_64, r-oldrel-macos-arm64, r-oldrel-macos-x86_64