CRAN Package Check Results for Package devFunc

Last updated on 2022-08-14 08:55:19 CEST.

Flavor Version Tinstall Tcheck Ttotal Status Flags
r-devel-linux-x86_64-debian-clang 0.1 3.79 30.56 34.35 NOTE
r-devel-linux-x86_64-debian-gcc 0.1 2.47 23.62 26.09 NOTE
r-devel-linux-x86_64-fedora-clang 0.1 52.06 NOTE
r-devel-linux-x86_64-fedora-gcc 0.1 53.49 NOTE
r-devel-windows-x86_64 0.1 12.00 53.00 65.00 NOTE
r-patched-linux-x86_64 0.1 3.41 29.97 33.38 NOTE
r-release-linux-x86_64 0.1 3.22 29.68 32.90 NOTE
r-release-macos-arm64 0.1 21.00 NOTE
r-release-macos-x86_64 0.1 23.00 NOTE
r-release-windows-x86_64 0.1 8.00 57.00 65.00 NOTE
r-oldrel-macos-arm64 0.1 24.00 NOTE
r-oldrel-macos-x86_64 0.1 31.00 NOTE
r-oldrel-windows-ix86+x86_64 0.1 8.00 48.00 56.00 NOTE

Check Details

Version: 0.1
Check: LazyData
Result: NOTE
     'LazyData' is specified without a 'data' directory
Flavors: r-devel-linux-x86_64-debian-clang, r-devel-linux-x86_64-debian-gcc, r-devel-linux-x86_64-fedora-clang, r-devel-linux-x86_64-fedora-gcc, r-devel-windows-x86_64, r-patched-linux-x86_64, r-release-linux-x86_64, r-release-macos-arm64, r-release-macos-x86_64, r-release-windows-x86_64, r-oldrel-macos-arm64, r-oldrel-macos-x86_64, r-oldrel-windows-ix86+x86_64