CRAN Package Check Results for Package devoid

Last updated on 2021-05-13 04:49:49 CEST.

Flavor Version Tinstall Tcheck Ttotal Status Flags
r-devel-linux-x86_64-debian-clang 0.1.1 2.09 19.20 21.29 NOTE
r-devel-linux-x86_64-debian-gcc 0.1.1 1.84 15.14 16.98 NOTE
r-devel-linux-x86_64-fedora-clang 0.1.1 38.05 NOTE
r-devel-linux-x86_64-fedora-gcc 0.1.1 24.71 NOTE
r-devel-windows-ix86+x86_64 0.1.1 6.00 31.00 37.00 NOTE
r-devel-windows-x86_64-gcc10-UCRT 0.1.1 NOTE
r-patched-linux-x86_64 0.1.1 2.07 18.93 21.00 NOTE
r-patched-solaris-x86 0.1.1 40.10 NOTE
r-release-linux-x86_64 0.1.1 2.21 18.51 20.72 OK
r-release-macos-x86_64 0.1.1 OK
r-release-windows-ix86+x86_64 0.1.1 7.00 30.00 37.00 OK
r-oldrel-macos-x86_64 0.1.1 OK
r-oldrel-windows-ix86+x86_64 0.1.1 10.00 34.00 44.00 OK

Check Details

Version: 0.1.1
Check: LazyData
Result: NOTE
     'LazyData' is specified without a 'data' directory
Flavors: r-devel-linux-x86_64-debian-clang, r-devel-linux-x86_64-debian-gcc, r-devel-linux-x86_64-fedora-clang, r-devel-linux-x86_64-fedora-gcc, r-devel-windows-ix86+x86_64, r-devel-windows-x86_64-gcc10-UCRT, r-patched-linux-x86_64, r-patched-solaris-x86