CRAN Package Check Results for Package devtools

Last updated on 2021-04-21 22:53:04 CEST.

Flavor Version Tinstall Tcheck Ttotal Status Flags
r-devel-linux-x86_64-debian-clang 2.4.0 9.85 116.92 126.77 OK
r-devel-linux-x86_64-debian-gcc 2.4.0 6.95 88.84 95.79 OK
r-devel-linux-x86_64-fedora-clang 2.4.0 159.03 NOTE
r-devel-linux-x86_64-fedora-gcc 2.4.0 195.09 NOTE
r-devel-windows-ix86+x86_64 2.4.0 17.00 172.00 189.00 OK
r-devel-windows-x86_64-gcc10-UCRT 2.4.0 NOTE
r-patched-linux-x86_64 2.4.0 13.72 116.80 130.52 OK
r-patched-solaris-x86 2.4.0 222.20 NOTE
r-release-linux-x86_64 2.4.0 9.04 115.82 124.86 OK
r-release-macos-x86_64 2.4.0 NOTE
r-release-windows-ix86+x86_64 2.4.0 18.00 189.00 207.00 OK
r-oldrel-macos-x86_64 2.4.0 ERROR
r-oldrel-windows-ix86+x86_64 2.4.0 14.00 152.00 166.00 OK

Check Details

Version: 2.4.0
Check: dependencies in R code
Result: NOTE
    Namespace in Imports field not imported from: ‘jsonlite’
     All declared Imports should be used.
Flavors: r-devel-linux-x86_64-fedora-clang, r-devel-linux-x86_64-fedora-gcc, r-devel-windows-x86_64-gcc10-UCRT, r-patched-solaris-x86, r-release-macos-x86_64

Version: 2.4.0
Check: package dependencies
Result: ERROR
    Package required and available but unsuitable version: ‘remotes’
    
    See section ‘The DESCRIPTION file’ in the ‘Writing R Extensions’
    manual.
Flavor: r-oldrel-macos-x86_64