CRAN Package Check Results for Package devtools

Last updated on 2020-10-25 11:50:29 CET.

Flavor Version Tinstall Tcheck Ttotal Status Flags
r-devel-linux-x86_64-debian-clang 2.3.2 10.91 126.27 137.18 OK
r-devel-linux-x86_64-debian-gcc 2.3.2 7.83 93.70 101.53 OK
r-devel-linux-x86_64-fedora-clang 2.3.2 166.82 OK
r-devel-linux-x86_64-fedora-gcc 2.3.2 211.83 OK
r-devel-windows-ix86+x86_64 2.3.2 20.00 225.00 245.00 OK
r-patched-linux-x86_64 2.3.2 9.78 124.82 134.60 OK
r-patched-solaris-x86 2.3.2 230.70 NOTE
r-release-linux-x86_64 2.3.2 9.74 124.80 134.54 OK
r-release-macos-x86_64 2.3.2 OK
r-release-windows-ix86+x86_64 2.3.2 17.00 139.00 156.00 OK
r-oldrel-macos-x86_64 2.3.2 OK
r-oldrel-windows-ix86+x86_64 2.3.2 16.00 161.00 177.00 OK

Check Details

Version: 2.3.2
Check: package dependencies
Result: NOTE
    Package suggested but not available for checking: ‘pkgdown’
Flavor: r-patched-solaris-x86