CRAN Package Check Results for Package devtools

Last updated on 2021-12-04 20:49:18 CET.

Flavor Version Tinstall Tcheck Ttotal Status Flags
r-devel-linux-x86_64-debian-clang 2.4.3 9.78 125.31 135.09 OK
r-devel-linux-x86_64-debian-gcc 2.4.3 7.13 95.91 103.04 OK
r-devel-linux-x86_64-fedora-clang 2.4.3 171.70 OK
r-devel-linux-x86_64-fedora-gcc 2.4.3 212.05 OK
r-devel-windows-x86_64-new-UL 2.4.3 26.00 240.00 266.00 OK
r-devel-windows-x86_64-new-TK 2.4.2 OK
r-devel-windows-x86_64-old 2.4.3 9.00 162.00 171.00 OK
r-patched-linux-x86_64 2.4.3 12.89 113.79 126.68 OK
r-release-linux-x86_64 2.4.3 9.12 112.05 121.17 OK
r-release-macos-arm64 2.4.3 OK
r-release-macos-x86_64 2.4.3 OK
r-release-windows-ix86+x86_64 2.4.3 14.00 133.00 147.00 OK
r-oldrel-macos-x86_64 2.4.3 OK
r-oldrel-windows-ix86+x86_64 2.4.2 18.00 0.00 18.00 FAIL

Check Details

Version: 2.4.2
Check: tests
Result: FAIL
    Check process probably crashed or hung up for 20 minutes ... killed
    Most likely this happened in the example checks (?),
    if not, ignore the following last lines of example output:
    > ## Not run:
    > ##D
    > ##D source_url("https://gist.github.com/hadley/6872663/raw/hi.r")
    > ##D
    > ##D # With a hash, to make sure the remote file hasn't changed
    > ##D source_url("https://gist.github.com/hadley/6872663/raw/hi.r",
    > ##D sha1 = "54f1db27e60bb7e0486d785604909b49e8fef9f9")
    > ##D
    > ##D # With a truncated hash
    > ##D source_url("https://gist.github.com/hadley/6872663/raw/hi.r",
    > ##D sha1 = "54f1db27e60")
    > ## End(Not run)
    >
    >
    >
    > ### * <FOOTER>
    > ###
    > cleanEx()
    > options(digits = 7L)
    > base::cat("Time elapsed: ", proc.time() - base::get("ptime", pos = 'CheckExEnv'),"\n")
    Time elapsed: 2.44 0.13 2.58 NA NA
    > grDevices::dev.off()
    null device
     1
    > ###
    > ### Local variables: ***
    > ### mode: outline-minor ***
    > ### outline-regexp: "\\(> \\)?### [*]+" ***
    > ### End: ***
    > quit('no')
    ======== End of example output (where/before crash/hang up occured ?) ========
Flavor: r-oldrel-windows-ix86+x86_64