CRAN Package Check Results for Package devtools

Last updated on 2017-12-17 10:47:11 CET.

Flavor Version Tinstall Tcheck Ttotal Status Flags
r-devel-linux-x86_64-debian-clang 1.13.4 3.01 126.61 129.62 ERROR
r-devel-linux-x86_64-debian-gcc 1.13.4 2.65 100.58 103.23 ERROR
r-devel-linux-x86_64-fedora-clang 1.13.4 146.30 OK
r-devel-linux-x86_64-fedora-gcc 1.13.4 136.34 OK
r-devel-windows-ix86+x86_64 1.13.4 8.00 143.00 151.00 ERROR
r-patched-linux-x86_64 1.13.4 3.39 127.33 130.72 ERROR
r-patched-solaris-x86 1.13.4 162.40 OK
r-release-linux-x86_64 1.13.4 2.90 122.87 125.77 ERROR
r-release-windows-ix86+x86_64 1.13.4 8.00 148.00 156.00 OK
r-release-osx-x86_64 1.13.4 OK
r-oldrel-windows-ix86+x86_64 1.13.4 9.00 183.00 192.00 OK
r-oldrel-osx-x86_64 1.13.4 OK

Check Details

Version: 1.13.4
Check: tests
Result: ERROR
     Running ‘has-devel.R’ [1s/3s]
     Running ‘test-that.R’ [59s/103s]
    Running the tests in ‘tests/test-that.R’ failed.
    Complete output:
     > library(testthat)
     > test_check("devtools")
     Loading required package: devtools
    
     Attaching package: 'devtools'
    
     The following object is masked from 'package:testthat':
    
     setup
    
     ── 1. Failure: Github repos with submodules are identified correctly (@test-gith
     github_has_remotes(github_remote("armstrtw/rzmq")) not equal to TRUE.
     1 element mismatch
    
    
     ══ testthat results ═══════════════════════════════════════════════════════════
     OK: 395 SKIPPED: 9 FAILED: 1
     1. Failure: Github repos with submodules are identified correctly (@test-github.r#82)
    
     Error: testthat unit tests failed
     Execution halted
Flavor: r-devel-linux-x86_64-debian-clang

Version: 1.13.4
Check: tests
Result: ERROR
     Running ‘has-devel.R’ [1s/2s]
     Running ‘test-that.R’ [49s/98s]
    Running the tests in ‘tests/test-that.R’ failed.
    Complete output:
     > library(testthat)
     > test_check("devtools")
     Loading required package: devtools
    
     Attaching package: 'devtools'
    
     The following object is masked from 'package:testthat':
    
     setup
    
     ── 1. Failure: Github repos with submodules are identified correctly (@test-gith
     github_has_remotes(github_remote("armstrtw/rzmq")) not equal to TRUE.
     1 element mismatch
    
    
     ══ testthat results ═══════════════════════════════════════════════════════════
     OK: 395 SKIPPED: 9 FAILED: 1
     1. Failure: Github repos with submodules are identified correctly (@test-github.r#82)
    
     Error: testthat unit tests failed
     Execution halted
Flavor: r-devel-linux-x86_64-debian-gcc

Version: 1.13.4
Check: tests
Result: ERROR
     Running 'has-devel.R' [3s]
     Running 'test-that.R' [102s]
    Running the tests in 'tests/test-that.R' failed.
    Last 13 lines of output:
     if (!exists(name, envir = env, mode = "function"))
     stop("Function ", name, " not found in environment ", environmentName(env),
     ".", call. = FALSE)
     mock(name = name, env = env, new = eval(new_values[[qual_name]], eval_env, eval_env))
     })
     4: FUN(X[[i]], ...)
     5: stop("Can't mock functions in base packages (", pkg_name, ")", call. = FALSE)
    
    
     == testthat results ===========================================================
     OK: 400 SKIPPED: 9 FAILED: 1
     1. Error: (unknown) (@test-rtools.r#40)
    
     Error: testthat unit tests failed
     Execution halted
Flavor: r-devel-windows-ix86+x86_64

Version: 1.13.4
Check: tests
Result: ERROR
     Running ‘has-devel.R’ [1s/2s]
     Running ‘test-that.R’ [58s/103s]
    Running the tests in ‘tests/test-that.R’ failed.
    Complete output:
     > library(testthat)
     > test_check("devtools")
     Loading required package: devtools
    
     Attaching package: 'devtools'
    
     The following object is masked from 'package:testthat':
    
     setup
    
     ── 1. Failure: Github repos with submodules are identified correctly (@test-gith
     github_has_remotes(github_remote("armstrtw/rzmq")) not equal to TRUE.
     1 element mismatch
    
    
     ══ testthat results ═══════════════════════════════════════════════════════════
     OK: 395 SKIPPED: 9 FAILED: 1
     1. Failure: Github repos with submodules are identified correctly (@test-github.r#82)
    
     Error: testthat unit tests failed
     Execution halted
Flavor: r-patched-linux-x86_64

Version: 1.13.4
Check: tests
Result: ERROR
     Running ‘has-devel.R’ [1s/2s]
     Running ‘test-that.R’ [57s/100s]
    Running the tests in ‘tests/test-that.R’ failed.
    Complete output:
     > library(testthat)
     > test_check("devtools")
     Loading required package: devtools
    
     Attaching package: 'devtools'
    
     The following object is masked from 'package:testthat':
    
     setup
    
     ── 1. Failure: Github repos with submodules are identified correctly (@test-gith
     github_has_remotes(github_remote("armstrtw/rzmq")) not equal to TRUE.
     1 element mismatch
    
    
     ══ testthat results ═══════════════════════════════════════════════════════════
     OK: 395 SKIPPED: 9 FAILED: 1
     1. Failure: Github repos with submodules are identified correctly (@test-github.r#82)
    
     Error: testthat unit tests failed
     Execution halted
Flavor: r-release-linux-x86_64