CRAN Package Check Results for Package dexter

Last updated on 2020-02-18 20:51:38 CET.

Flavor Version Tinstall Tcheck Ttotal Status Flags
r-devel-linux-x86_64-debian-clang 1.0.5 100.08 180.06 280.14 OK
r-devel-linux-x86_64-debian-gcc 1.0.5 73.06 124.20 197.26 OK
r-devel-linux-x86_64-fedora-clang 1.0.5 338.10 NOTE
r-devel-linux-x86_64-fedora-gcc 1.0.5 322.39 OK
r-devel-windows-ix86+x86_64 1.0.5 184.00 211.00 395.00 NOTE
r-devel-windows-ix86+x86_64-gcc8 1.0.3 249.00 304.00 553.00 NOTE
r-patched-linux-x86_64 1.0.5 84.11 145.01 229.12 OK
r-patched-solaris-x86 1.0.5 803.70 WARN
r-release-linux-x86_64 1.0.5 82.75 143.35 226.10 OK
r-release-windows-ix86+x86_64 1.0.4 176.00 192.00 368.00 NOTE
r-release-osx-x86_64 1.0.5 NOTE
r-oldrel-windows-ix86+x86_64 1.0.5 255.00 245.00 500.00 NOTE
r-oldrel-osx-x86_64 1.0.5 NOTE

Check Details

Version: 1.0.5
Check: installed package size
Result: NOTE
     installed size is 8.5Mb
     sub-directories of 1Mb or more:
     doc 1.1Mb
     libs 6.7Mb
Flavors: r-devel-linux-x86_64-fedora-clang, r-devel-windows-ix86+x86_64, r-release-osx-x86_64, r-oldrel-windows-ix86+x86_64, r-oldrel-osx-x86_64

Version: 1.0.3
Check: installed package size
Result: NOTE
     installed size is 6.5Mb
     sub-directories of 1Mb or more:
     doc 1.1Mb
     libs 4.8Mb
Flavor: r-devel-windows-ix86+x86_64-gcc8

Version: 1.0.5
Check: re-building of vignette outputs
Result: WARN
    Error(s) in re-building vignettes:
     ...
    --- re-building ‘DIF_vignette.Rmd’ using rmarkdown
    Warning in engine$weave(file, quiet = quiet, encoding = enc) :
     Pandoc (>= 1.12.3) and/or pandoc-citeproc not available. Falling back to R Markdown v1.
    
    Attaching package: 'dplyr'
    
    The following objects are masked from 'package:stats':
    
     filter, lag
    
    The following objects are masked from 'package:base':
    
     intersect, setdiff, setequal, union
    
    no column `person_id` provided, automatically generating unique person id's
    --- finished re-building ‘DIF_vignette.Rmd’
    
    --- re-building ‘Dexter.Rmd’ using rmarkdown
    Warning in engine$weave(file, quiet = quiet, encoding = enc) :
     Pandoc (>= 1.12.3) and/or pandoc-citeproc not available. Falling back to R Markdown v1.
    
    Attaching package: 'dplyr'
    
    The following objects are masked from 'package:stats':
    
     filter, lag
    
    The following objects are masked from 'package:base':
    
     intersect, setdiff, setequal, union
    
    --- finished re-building ‘Dexter.Rmd’
    
    --- re-building ‘Equating.Rmd’ using rmarkdown
    Warning in engine$weave(file, quiet = quiet, encoding = enc) :
     Pandoc (>= 1.12.3) and/or pandoc-citeproc not available. Falling back to R Markdown v1.
    no column `person_id` provided, automatically generating unique person id's
    no column `person_id` provided, automatically generating unique person id's
    no column `person_id` provided, automatically generating unique person id's
    Quitting from lines 236-243 (Equating.Rmd)
    Error: processing vignette 'Equating.Rmd' failed with diagnostics:
    missing value where TRUE/FALSE needed
    --- failed re-building ‘Equating.Rmd’
    
    --- re-building ‘Plausible_Values.Rmd’ using rmarkdown
    Warning in engine$weave(file, quiet = quiet, encoding = enc) :
     Pandoc (>= 1.12.3) and/or pandoc-citeproc not available. Falling back to R Markdown v1.
    Quitting from lines 94-101 (Plausible_Values.Rmd)
    Error: processing vignette 'Plausible_Values.Rmd' failed with diagnostics:
    missing value where TRUE/FALSE needed
    --- failed re-building ‘Plausible_Values.Rmd’
    
    --- re-building ‘Profile-plots.Rmd’ using rmarkdown
    Warning in engine$weave(file, quiet = quiet, encoding = enc) :
     Pandoc (>= 1.12.3) and/or pandoc-citeproc not available. Falling back to R Markdown v1.
    no column `person_id` provided, automatically generating unique person id's
    --- finished re-building ‘Profile-plots.Rmd’
    
    --- re-building ‘Test_Individual_differences.Rmd’ using rmarkdown
    Warning in engine$weave(file, quiet = quiet, encoding = enc) :
     Pandoc (>= 1.12.3) and/or pandoc-citeproc not available. Falling back to R Markdown v1.
    no column `person_id` provided, automatically generating unique person id's
    --- finished re-building ‘Test_Individual_differences.Rmd’
    
    SUMMARY: processing the following files failed:
     ‘Equating.Rmd’ ‘Plausible_Values.Rmd’
    
    Error: Vignette re-building failed.
    Execution halted
Flavor: r-patched-solaris-x86

Version: 1.0.4
Check: installed package size
Result: NOTE
     installed size is 5.9Mb
     sub-directories of 1Mb or more:
     doc 1.1Mb
     libs 4.1Mb
Flavor: r-release-windows-ix86+x86_64