CRAN Package Check Results for Package dfCompare

Last updated on 2021-04-16 21:50:17 CEST.

Flavor Version Tinstall Tcheck Ttotal Status Flags
r-devel-linux-x86_64-debian-clang 1.0.0 1.49 19.13 20.62 NOTE
r-devel-linux-x86_64-debian-gcc 1.0.0 1.41 15.42 16.83 NOTE
r-devel-linux-x86_64-fedora-clang 1.0.0 35.40 NOTE
r-devel-linux-x86_64-fedora-gcc 1.0.0 25.35 NOTE
r-devel-windows-ix86+x86_64 1.0.0 4.00 30.00 34.00 NOTE
r-devel-windows-x86_64-gcc10-UCRT 1.0.0 NOTE
r-patched-linux-x86_64 1.0.0 1.66 18.73 20.39 OK
r-patched-solaris-x86 1.0.0 38.70 OK
r-release-linux-x86_64 1.0.0 1.60 18.63 20.23 OK
r-release-macos-x86_64 1.0.0 OK
r-release-windows-ix86+x86_64 1.0.0 3.00 24.00 27.00 OK
r-oldrel-macos-x86_64 1.0.0 OK
r-oldrel-windows-ix86+x86_64 1.0.0 4.00 38.00 42.00 OK

Check Details

Version: 1.0.0
Check: LazyData
Result: NOTE
     'LazyData' is specified without a 'data' directory
Flavors: r-devel-linux-x86_64-debian-clang, r-devel-linux-x86_64-debian-gcc, r-devel-linux-x86_64-fedora-clang, r-devel-linux-x86_64-fedora-gcc, r-devel-windows-ix86+x86_64, r-devel-windows-x86_64-gcc10-UCRT