Last updated on 2025-01-22 05:49:25 CET.
Flavor | Version | Tinstall | Tcheck | Ttotal | Status | Flags |
---|---|---|---|---|---|---|
r-devel-linux-x86_64-debian-clang | 0.2.2 | 48.01 | 95.16 | 143.17 | OK | |
r-devel-linux-x86_64-debian-gcc | 0.2.2 | 36.30 | 75.93 | 112.23 | OK | |
r-devel-linux-x86_64-fedora-clang | 0.2.2 | 250.92 | NOTE | |||
r-devel-linux-x86_64-fedora-gcc | 0.2.2 | 285.87 | NOTE | |||
r-devel-windows-x86_64 | 0.2.2 | 52.00 | 154.00 | 206.00 | OK | |
r-patched-linux-x86_64 | 0.2.2 | 52.93 | 105.12 | 158.05 | OK | |
r-release-linux-x86_64 | 0.2.2 | 48.38 | 105.00 | 153.38 | OK | |
r-release-macos-arm64 | 0.2.2 | 108.00 | NOTE | |||
r-release-macos-x86_64 | 0.2.2 | 222.00 | NOTE | |||
r-release-windows-x86_64 | 0.2.2 | 50.00 | 152.00 | 202.00 | OK | |
r-oldrel-macos-arm64 | 0.2.2 | 96.00 | NOTE | |||
r-oldrel-macos-x86_64 | 0.2.2 | 226.00 | NOTE | |||
r-oldrel-windows-x86_64 | 0.2.2 | 59.00 | 165.00 | 224.00 | OK |
Version: 0.2.2
Check: dependencies in R code
Result: NOTE
Namespace in Imports field not imported from: ‘Rcpp’
All declared Imports should be used.
Flavors: r-devel-linux-x86_64-fedora-clang, r-devel-linux-x86_64-fedora-gcc
Version: 0.2.2
Check: installed package size
Result: NOTE
installed size is 5.9Mb
sub-directories of 1Mb or more:
doc 1.8Mb
libs 3.7Mb
Flavors: r-release-macos-arm64, r-release-macos-x86_64, r-oldrel-macos-arm64, r-oldrel-macos-x86_64