Last updated on 2023-03-24 00:51:27 CET.
Flavor | Version | Tinstall | Tcheck | Ttotal | Status | Flags |
---|---|---|---|---|---|---|
r-devel-linux-x86_64-debian-clang | 0.1.4 | 83.26 | 159.79 | 243.05 | OK | |
r-devel-linux-x86_64-debian-gcc | 0.1.4 | 62.38 | 126.41 | 188.79 | OK | |
r-devel-linux-x86_64-fedora-clang | 0.1.4 | 336.99 | NOTE | |||
r-devel-linux-x86_64-fedora-gcc | 0.1.4 | 321.15 | NOTE | |||
r-devel-windows-x86_64 | 0.1.4 | 80.00 | 219.00 | 299.00 | OK | |
r-patched-linux-x86_64 | 0.1.4 | 58.29 | 131.74 | 190.03 | OK | |
r-release-linux-x86_64 | 0.1.4 | 67.87 | 128.30 | 196.17 | OK | |
r-release-macos-arm64 | 0.1.4 | 89.00 | NOTE | |||
r-release-macos-x86_64 | 0.1.4 | 100.00 | NOTE | |||
r-release-windows-x86_64 | 0.1.4 | 69.00 | 187.00 | 256.00 | OK | |
r-oldrel-macos-arm64 | 0.1.4 | 84.00 | NOTE | |||
r-oldrel-macos-x86_64 | 0.1.4 | 104.00 | NOTE | |||
r-oldrel-windows-ix86+x86_64 | 0.1.4 | 189.00 | 235.00 | 424.00 | OK |
Version: 0.1.4
Check: dependencies in R code
Result: NOTE
Namespace in Imports field not imported from: ‘Rcpp’
All declared Imports should be used.
Flavors: r-devel-linux-x86_64-fedora-clang, r-devel-linux-x86_64-fedora-gcc
Version: 0.1.4
Check: installed package size
Result: NOTE
installed size is 6.3Mb
sub-directories of 1Mb or more:
doc 1.8Mb
libs 4.1Mb
Flavors: r-release-macos-arm64, r-release-macos-x86_64, r-oldrel-macos-arm64, r-oldrel-macos-x86_64