CRAN Package Check Results for Package dfped

Last updated on 2024-05-23 15:59:43 CEST.

Flavor Version Tinstall Tcheck Ttotal Status Flags
r-devel-linux-x86_64-debian-clang 1.1 28.48 136.44 164.92 NOTE
r-devel-linux-x86_64-debian-gcc 1.1 21.22 102.45 123.67 NOTE
r-devel-linux-x86_64-fedora-clang 1.1 214.85 NOTE
r-devel-linux-x86_64-fedora-gcc 1.1 196.47 NOTE
r-devel-windows-x86_64 1.1 16.00 113.00 129.00 NOTE
r-patched-linux-x86_64 1.1 26.00 134.34 160.34 NOTE
r-release-linux-x86_64 1.1 27.05 136.18 163.23 NOTE
r-release-macos-arm64 1.1 48.00 NOTE
r-release-windows-x86_64 1.1 17.00 115.00 132.00 NOTE
r-oldrel-macos-arm64 1.1 40.00 NOTE
r-oldrel-macos-x86_64 1.1 70.00 NOTE
r-oldrel-windows-x86_64 1.1 20.00 128.00 148.00 NOTE

Check Details

Version: 1.1
Check: LazyData
Result: NOTE 'LazyData' is specified without a 'data' directory Flavors: r-devel-linux-x86_64-debian-clang, r-devel-linux-x86_64-debian-gcc, r-devel-linux-x86_64-fedora-clang, r-devel-linux-x86_64-fedora-gcc, r-devel-windows-x86_64, r-patched-linux-x86_64, r-release-linux-x86_64, r-release-macos-arm64, r-release-windows-x86_64, r-oldrel-macos-arm64, r-oldrel-macos-x86_64, r-oldrel-windows-x86_64