CRAN Package Check Results for Package dfphase1

Last updated on 2020-11-24 14:49:36 CET.

Flavor Version Tinstall Tcheck Ttotal Status Flags
r-devel-linux-x86_64-debian-clang 1.1.1 69.31 46.86 116.17 OK
r-devel-linux-x86_64-debian-gcc 1.1.1 63.39 37.97 101.36 OK
r-devel-linux-x86_64-fedora-clang 1.1.1 139.40 NOTE
r-devel-linux-x86_64-fedora-gcc 1.1.1 118.35 NOTE
r-devel-windows-ix86+x86_64 1.1.1 120.00 102.00 222.00 OK
r-patched-linux-x86_64 1.1.1 76.64 45.30 121.94 OK
r-patched-solaris-x86 1.1.1 128.50 OK
r-release-linux-x86_64 1.1.1 84.50 46.11 130.61 OK
r-release-macos-x86_64 1.1.1 OK
r-release-windows-ix86+x86_64 1.1.1 103.00 96.00 199.00 OK
r-oldrel-macos-x86_64 1.1.1 OK
r-oldrel-windows-ix86+x86_64 1.1.1 96.00 97.00 193.00 OK

Check Details

Version: 1.1.1
Check: compiled code
Result: NOTE
    File ‘dfphase1/libs/dfphase1.so’:
     Found no calls to: ‘R_registerRoutines’, ‘R_useDynamicSymbols’
    
    It is good practice to register native routines and to disable symbol
    search.
    
    See ‘Writing portable packages’ in the ‘Writing R Extensions’ manual.
Flavors: r-devel-linux-x86_64-fedora-clang, r-devel-linux-x86_64-fedora-gcc