CRAN Package Check Results for Package dfpk

Last updated on 2019-11-14 05:47:03 CET.

Flavor Version Tinstall Tcheck Ttotal Status Flags
r-devel-linux-x86_64-debian-clang 3.5.1 194.60 85.33 279.93 NOTE
r-devel-linux-x86_64-debian-gcc 3.5.1 222.64 68.24 290.88 NOTE
r-devel-linux-x86_64-fedora-clang 3.5.1 378.15 NOTE
r-devel-linux-x86_64-fedora-gcc 3.5.1 478.23 NOTE
r-devel-windows-ix86+x86_64 3.5.1 398.00 228.00 626.00 NOTE
r-patched-linux-x86_64 3.5.1 196.14 84.56 280.70 NOTE
r-patched-solaris-x86 3.5.1 362.10 NOTE
r-release-linux-x86_64 3.5.1 205.01 84.54 289.55 NOTE
r-release-windows-ix86+x86_64 3.5.1 303.00 237.00 540.00 NOTE
r-release-osx-x86_64 3.5.1 NOTE
r-oldrel-windows-ix86+x86_64 3.5.1 323.00 221.00 544.00 NOTE
r-oldrel-osx-x86_64 3.5.1 NOTE

Check Details

Version: 3.5.1
Check: for GNU extensions in Makefiles
Result: NOTE
    GNU make is a SystemRequirements.
Flavors: r-devel-linux-x86_64-debian-clang, r-devel-linux-x86_64-debian-gcc, r-devel-linux-x86_64-fedora-clang, r-devel-linux-x86_64-fedora-gcc, r-devel-windows-ix86+x86_64, r-patched-linux-x86_64, r-patched-solaris-x86, r-release-linux-x86_64, r-release-windows-ix86+x86_64, r-release-osx-x86_64, r-oldrel-windows-ix86+x86_64, r-oldrel-osx-x86_64

Version: 3.5.1
Check: installed package size
Result: NOTE
     installed size is 49.1Mb
     sub-directories of 1Mb or more:
     libs 48.6Mb
Flavors: r-devel-linux-x86_64-fedora-clang, r-devel-windows-ix86+x86_64, r-release-windows-ix86+x86_64, r-release-osx-x86_64, r-oldrel-windows-ix86+x86_64, r-oldrel-osx-x86_64