CRAN Package Check Results for Package dfpk

Last updated on 2020-05-27 13:49:02 CEST.

Flavor Version Tinstall Tcheck Ttotal Status Flags
r-devel-linux-x86_64-debian-clang 3.5.1 204.75 99.44 304.19 NOTE
r-devel-linux-x86_64-debian-gcc 3.5.1 184.47 77.82 262.29 NOTE
r-devel-linux-x86_64-fedora-clang 3.5.1 415.68 NOTE
r-devel-linux-x86_64-fedora-gcc 3.5.1 493.27 NOTE
r-devel-windows-ix86+x86_64 3.5.1 445.00 242.00 687.00 NOTE
r-patched-linux-x86_64 3.5.1 219.90 100.77 320.67 NOTE
r-patched-solaris-x86 3.5.1 385.70 NOTE
r-release-linux-x86_64 3.5.1 0.02 2.64 2.66 ERROR
r-release-osx-x86_64 3.5.1 NOTE
r-release-windows-ix86+x86_64 3.5.1 361.00 254.00 615.00 NOTE
r-oldrel-osx-x86_64 3.5.1 NOTE
r-oldrel-windows-ix86+x86_64 3.5.1 348.00 172.00 520.00 NOTE

Check Details

Version: 3.5.1
Check: for GNU extensions in Makefiles
Result: NOTE
    GNU make is a SystemRequirements.
Flavors: r-devel-linux-x86_64-debian-clang, r-devel-linux-x86_64-debian-gcc, r-devel-linux-x86_64-fedora-clang, r-devel-linux-x86_64-fedora-gcc, r-devel-windows-ix86+x86_64, r-patched-linux-x86_64, r-patched-solaris-x86, r-release-osx-x86_64, r-release-windows-ix86+x86_64, r-oldrel-osx-x86_64, r-oldrel-windows-ix86+x86_64

Version: 3.5.1
Check: installed package size
Result: NOTE
     installed size is 53.6Mb
     sub-directories of 1Mb or more:
     libs 53.0Mb
Flavors: r-devel-linux-x86_64-fedora-clang, r-devel-windows-ix86+x86_64, r-release-osx-x86_64, r-release-windows-ix86+x86_64, r-oldrel-osx-x86_64, r-oldrel-windows-ix86+x86_64

Version: 3.5.1
Check: whether package can be installed
Result: ERROR
    Installation failed.
Flavor: r-release-linux-x86_64