Last updated on 2023-12-02 21:39:51 CET.
Flavor | Version | Tinstall | Tcheck | Ttotal | Status | Flags |
---|---|---|---|---|---|---|
r-devel-linux-x86_64-debian-clang | 2.0.1 | 30.02 | 41.46 | 71.48 | NOTE | |
r-devel-linux-x86_64-debian-gcc | 2.0.1 | 22.98 | 31.33 | 54.31 | NOTE | |
r-devel-linux-x86_64-fedora-clang | 2.0.1 | 110.11 | NOTE | |||
r-devel-linux-x86_64-fedora-gcc | 2.0.1 | 100.02 | NOTE | |||
r-devel-windows-x86_64 | 2.0.1 | 28.00 | 77.00 | 105.00 | NOTE | |
r-patched-linux-x86_64 | 2.0.1 | 31.02 | 40.56 | 71.58 | NOTE | |
r-release-linux-x86_64 | 2.0.1 | 23.96 | 40.53 | 64.49 | NOTE | |
r-release-macos-arm64 | 2.0.1 | 30.00 | NOTE | |||
r-release-macos-x86_64 | 2.0.1 | 48.00 | NOTE | |||
r-release-windows-x86_64 | 2.0.1 | 36.00 | 84.00 | 120.00 | NOTE | |
r-oldrel-macos-arm64 | 2.0.1 | 30.00 | OK | |||
r-oldrel-macos-x86_64 | 2.0.1 | 40.00 | OK | |||
r-oldrel-windows-x86_64 | 2.0.1 | 33.00 | 79.00 | 112.00 | OK |
Version: 2.0.1
Check: C++ specification
Result: NOTE
Specified C++11: please drop specification unless essential
Flavors: r-devel-linux-x86_64-debian-clang, r-devel-linux-x86_64-debian-gcc, r-devel-linux-x86_64-fedora-clang, r-devel-linux-x86_64-fedora-gcc, r-devel-windows-x86_64, r-patched-linux-x86_64, r-release-linux-x86_64, r-release-macos-arm64, r-release-macos-x86_64, r-release-windows-x86_64