CRAN Package Check Results for Package dgmb

Last updated on 2020-09-18 19:49:01 CEST.

Flavor Version Tinstall Tcheck Ttotal Status Flags
r-devel-linux-x86_64-debian-clang 1.2 3.14 26.98 30.12 OK
r-devel-linux-x86_64-debian-gcc 1.2 2.39 21.93 24.32 OK
r-devel-linux-x86_64-fedora-clang 1.2 48.06 OK
r-devel-linux-x86_64-fedora-gcc 1.2 37.71 OK
r-devel-windows-ix86+x86_64 1.2 6.00 55.00 61.00 ERROR
r-patched-linux-x86_64 1.2 3.36 27.58 30.94 OK
r-patched-solaris-x86 1.2 57.70 OK
r-release-linux-x86_64 1.2 3.16 27.34 30.50 OK
r-release-macos-x86_64 1.2 ERROR
r-release-windows-ix86+x86_64 1.2 5.00 34.00 39.00 ERROR
r-oldrel-macos-x86_64 1.2 ERROR
r-oldrel-windows-ix86+x86_64 1.2 4.00 44.00 48.00 ERROR

Check Details

Version: 1.2
Check: examples
Result: ERROR
    Running examples in 'dgmb-Ex.R' failed
    The error most likely occurred in:
    
    > ### Name: dgmb-package
    > ### Title: Simulating Data for PLS Mode B Structural Models
    > ### Aliases: dgmb-package dgmb
    > ### Keywords: package
    >
    > ### ** Examples
    >
    > dgmbGui()
     --------------------------------------------------
    | Simulating Data for PLS Mode B Structural Models |
    | Version: 1.2 |
    | Depends: abind, tcltk, MASS |
    | Licence: GPL >= 2 |
    | System Requirements: tktable, BWidget |
     --------------------------------------------------
    Warning in tclRequire("Tktable") : Tcl package 'Tktable' not found
    Error in structure(.External(.C_dotTclObjv, objv), class = "tclObj") :
     [tcl] invalid command name "table".
    Calls: dgmbGui -> tkwidget -> tcl -> .Tcl.objv -> structure
    Execution halted
Flavors: r-devel-windows-ix86+x86_64, r-release-windows-ix86+x86_64, r-oldrel-windows-ix86+x86_64

Version: 1.2
Check: examples
Result: ERROR
    Running examples in ‘dgmb-Ex.R’ failed
    The error most likely occurred in:
    
    > ### Name: dgmb-package
    > ### Title: Simulating Data for PLS Mode B Structural Models
    > ### Aliases: dgmb-package dgmb
    > ### Keywords: package
    >
    > ### ** Examples
    >
    > dgmbGui()
     --------------------------------------------------
    | Simulating Data for PLS Mode B Structural Models |
    | Version: 1.2 |
    | Depends: abind, tcltk, MASS |
    | Licence: GPL >= 2 |
    | System Requirements: tktable, BWidget |
     --------------------------------------------------
    Warning in tclRequire("BWidget") : Tcl package 'BWidget' not found
    Error in structure(.External(.C_dotTclObjv, objv), class = "tclObj") :
     [tcl] invalid command name "ComboBox".
    Calls: dgmbGui -> tkwidget -> tcl -> .Tcl.objv -> structure
    Execution halted
Flavors: r-release-macos-x86_64, r-oldrel-macos-x86_64