Last updated on 2023-03-20 23:55:12 CET.
Flavor | Version | Tinstall | Tcheck | Ttotal | Status | Flags |
---|---|---|---|---|---|---|
r-devel-linux-x86_64-debian-clang | 1.0.1 | NOTE | ||||
r-devel-linux-x86_64-debian-gcc | 1.0.1 | 20.27 | 21.79 | 42.06 | NOTE | |
r-devel-linux-x86_64-fedora-clang | 1.0.1 | 76.15 | NOTE | |||
r-devel-linux-x86_64-fedora-gcc | 1.0.1 | 65.97 | NOTE | |||
r-devel-windows-x86_64 | 1.0.1 | 28.00 | 73.00 | 101.00 | NOTE | |
r-patched-linux-x86_64 | 1.0.1 | 17.04 | 27.58 | 44.62 | OK | |
r-release-linux-x86_64 | 1.0.1 | 19.23 | 27.78 | 47.01 | OK | |
r-release-macos-arm64 | 1.0.1 | 24.00 | OK | |||
r-release-macos-x86_64 | 1.0.1 | 31.00 | OK | |||
r-release-windows-x86_64 | 1.0.1 | 28.00 | 75.00 | 103.00 | OK | |
r-oldrel-macos-arm64 | 1.0.1 | 32.00 | OK | |||
r-oldrel-macos-x86_64 | 1.0.1 | 41.00 | OK | |||
r-oldrel-windows-ix86+x86_64 | 1.0.1 | 63.00 | 75.00 | 138.00 | OK |
Version: 1.0.1
Check: C++ specification
Result: NOTE
Specified C++11: please drop specification unless essential
Flavors: r-devel-linux-x86_64-debian-clang, r-devel-linux-x86_64-debian-gcc, r-devel-linux-x86_64-fedora-clang, r-devel-linux-x86_64-fedora-gcc, r-devel-windows-x86_64