CRAN Package Check Results for Package diathor

Last updated on 2021-03-03 12:47:02 CET.

Flavor Version Tinstall Tcheck Ttotal Status Flags
r-devel-linux-x86_64-debian-clang 0.0.4 OK
r-devel-linux-x86_64-debian-gcc 0.0.4 15.86 81.87 97.73 OK
r-devel-linux-x86_64-fedora-clang 0.0.4 161.86 NOTE
r-devel-linux-x86_64-fedora-gcc 0.0.4 147.99 NOTE
r-devel-windows-ix86+x86_64 0.0.4 38.00 139.00 177.00 OK
r-patched-linux-x86_64 0.0.4 19.60 100.27 119.87 OK
r-patched-solaris-x86 0.0.4 193.30 NOTE
r-release-linux-x86_64 0.0.4 15.91 99.24 115.15 OK
r-release-macos-x86_64 0.0.4 NOTE
r-release-windows-ix86+x86_64 0.0.4 38.00 132.00 170.00 OK
r-oldrel-macos-x86_64 0.0.4 NOTE
r-oldrel-windows-ix86+x86_64 0.0.4 27.00 91.00 118.00 OK

Check Details

Version: 0.0.4
Check: data for non-ASCII characters
Result: NOTE
     Note: found 7883 marked UTF-8 strings
Flavors: r-devel-linux-x86_64-fedora-clang, r-devel-linux-x86_64-fedora-gcc, r-patched-solaris-x86, r-release-macos-x86_64, r-oldrel-macos-x86_64