CRAN Package Check Results for Package dicionariosIBGE

Last updated on 2019-12-10 07:49:56 CET.

Flavor Version Tinstall Tcheck Ttotal Status Flags
r-devel-linux-x86_64-debian-clang 1.6 2.70 29.45 32.15 NOTE
r-devel-linux-x86_64-debian-gcc 1.6 2.16 24.18 26.34 NOTE
r-devel-linux-x86_64-fedora-clang 1.6 40.01 NOTE
r-devel-linux-x86_64-fedora-gcc 1.6 39.43 NOTE
r-devel-windows-ix86+x86_64 1.6 6.00 67.00 73.00 NOTE
r-devel-windows-ix86+x86_64-gcc8 1.6 6.00 46.00 52.00 NOTE
r-patched-linux-x86_64 1.6 2.32 27.77 30.09 NOTE
r-patched-solaris-x86 1.6 57.40 NOTE
r-release-linux-x86_64 1.6 1.97 27.22 29.19 NOTE
r-release-windows-ix86+x86_64 1.6 7.00 62.00 69.00 NOTE
r-release-osx-x86_64 1.6 NOTE
r-oldrel-windows-ix86+x86_64 1.6 3.00 31.00 34.00 NOTE
r-oldrel-osx-x86_64 1.6 NOTE

Check Details

Version: 1.6
Check: R code for possible problems
Result: NOTE
    le.pesquisa: no visible global function definition for 'txtProgressBar'
    le.pesquisa: no visible global function definition for 'type.convert'
    le.pesquisa: no visible global function definition for
     'setTxtProgressBar'
    Undefined global functions or variables:
     setTxtProgressBar txtProgressBar type.convert
    Consider adding
     importFrom("utils", "setTxtProgressBar", "txtProgressBar",
     "type.convert")
    to your NAMESPACE file.
Flavors: r-devel-linux-x86_64-debian-clang, r-devel-linux-x86_64-debian-gcc, r-devel-linux-x86_64-fedora-clang, r-devel-linux-x86_64-fedora-gcc, r-devel-windows-ix86+x86_64, r-devel-windows-ix86+x86_64-gcc8, r-patched-linux-x86_64, r-patched-solaris-x86, r-release-linux-x86_64, r-release-windows-ix86+x86_64, r-release-osx-x86_64, r-oldrel-windows-ix86+x86_64, r-oldrel-osx-x86_64

Version: 1.6
Check: data for non-ASCII characters
Result: NOTE
     Note: found 2297 marked UTF-8 strings
Flavors: r-devel-linux-x86_64-fedora-clang, r-devel-linux-x86_64-fedora-gcc, r-patched-solaris-x86, r-release-osx-x86_64, r-oldrel-osx-x86_64