CRAN Package Check Results for Package dicionariosIBGE

Last updated on 2022-05-19 18:50:38 CEST.

Flavor Version Tinstall Tcheck Ttotal Status Flags
r-devel-linux-x86_64-debian-clang 1.6 2.51 44.37 46.88 NOTE
r-devel-linux-x86_64-debian-gcc 1.6 2.04 34.57 36.61 NOTE
r-devel-linux-x86_64-fedora-clang 1.6 55.54 NOTE
r-devel-linux-x86_64-fedora-gcc 1.6 54.74 NOTE
r-devel-windows-x86_64 1.6 75.00 68.00 143.00 NOTE
r-patched-linux-x86_64 1.6 4.14 42.13 46.27 NOTE
r-release-linux-x86_64 1.6 2.40 41.08 43.48 NOTE
r-release-macos-arm64 1.6 22.00 NOTE
r-release-macos-x86_64 1.6 28.00 NOTE
r-release-windows-x86_64 1.6 12.00 63.00 75.00 NOTE
r-oldrel-macos-arm64 1.6 27.00 NOTE
r-oldrel-macos-x86_64 1.6 40.00 NOTE
r-oldrel-windows-ix86+x86_64 1.6 6.00 40.00 46.00 NOTE

Check Details

Version: 1.6
Check: R code for possible problems
Result: NOTE
    le.pesquisa: no visible global function definition for 'txtProgressBar'
    le.pesquisa: no visible global function definition for 'type.convert'
    le.pesquisa: no visible global function definition for
     'setTxtProgressBar'
    Undefined global functions or variables:
     setTxtProgressBar txtProgressBar type.convert
    Consider adding
     importFrom("utils", "setTxtProgressBar", "txtProgressBar",
     "type.convert")
    to your NAMESPACE file.
Flavors: r-devel-linux-x86_64-debian-clang, r-devel-linux-x86_64-debian-gcc, r-devel-linux-x86_64-fedora-clang, r-devel-linux-x86_64-fedora-gcc, r-devel-windows-x86_64, r-patched-linux-x86_64, r-release-linux-x86_64, r-release-macos-arm64, r-release-macos-x86_64, r-release-windows-x86_64, r-oldrel-macos-arm64, r-oldrel-macos-x86_64, r-oldrel-windows-ix86+x86_64

Version: 1.6
Check: data for non-ASCII characters
Result: NOTE
     Note: found 2297 marked UTF-8 strings
Flavors: r-devel-linux-x86_64-fedora-clang, r-devel-linux-x86_64-fedora-gcc, r-release-macos-arm64, r-release-macos-x86_64, r-oldrel-macos-arm64, r-oldrel-macos-x86_64