CRAN Package Check Results for Package did

Last updated on 2021-12-01 00:50:48 CET.

Flavor Version Tinstall Tcheck Ttotal Status Flags
r-devel-linux-x86_64-debian-clang 2.0.0 7.91 171.58 179.49 OK
r-devel-linux-x86_64-debian-gcc 2.0.0 7.02 131.90 138.92 OK
r-devel-linux-x86_64-fedora-clang 2.0.0 217.96 NOTE
r-devel-linux-x86_64-fedora-gcc 2.0.0 206.98 NOTE
r-devel-windows-x86_64-new-UL 2.0.0 20.00 234.00 254.00 OK
r-devel-windows-x86_64-new-TK 2.0.0 NOTE
r-devel-windows-x86_64-old 2.0.0 12.00 178.00 190.00 OK
r-patched-linux-x86_64 2.0.0 7.33 166.39 173.72 OK
r-patched-solaris-x86 2.0.0 123.90 NOTE
r-release-linux-x86_64 2.0.0 7.20 165.89 173.09 OK
r-release-macos-arm64 2.0.0 NOTE
r-release-macos-x86_64 2.0.0 NOTE
r-release-windows-ix86+x86_64 2.0.0 19.00 186.00 205.00 OK
r-oldrel-macos-x86_64 2.0.0 NOTE
r-oldrel-windows-ix86+x86_64 2.0.0 15.00 169.00 184.00 OK

Check Details

Version: 2.0.0
Check: dependencies in R code
Result: NOTE
    Namespace in Imports field not imported from: ‘knitr’
     All declared Imports should be used.
Flavors: r-devel-linux-x86_64-fedora-clang, r-devel-linux-x86_64-fedora-gcc, r-devel-windows-x86_64-new-TK, r-patched-solaris-x86, r-release-macos-arm64, r-release-macos-x86_64, r-oldrel-macos-x86_64