CRAN Package Check Results for Package did2s

Last updated on 2022-07-04 03:52:16 CEST.

Flavor Version Tinstall Tcheck Ttotal Status Flags
r-devel-linux-x86_64-debian-clang 0.6.0 47.36 126.23 173.59 OK
r-devel-linux-x86_64-debian-gcc 0.6.0 31.45 93.62 125.07 OK
r-devel-linux-x86_64-fedora-clang 0.6.0 230.44 NOTE
r-devel-linux-x86_64-fedora-gcc 0.6.0 217.61 NOTE
r-devel-windows-x86_64 0.6.0 45.00 166.00 211.00 OK
r-patched-linux-x86_64 0.6.0 36.87 120.43 157.30 OK
r-release-linux-x86_64 0.6.0 37.15 118.27 155.42 OK
r-release-macos-arm64 0.6.0 63.00 NOTE
r-release-macos-x86_64 0.6.0 106.00 NOTE
r-release-windows-x86_64 0.6.0 47.00 172.00 219.00 OK
r-oldrel-macos-arm64 0.6.0 61.00 NOTE
r-oldrel-macos-x86_64 0.6.0 86.00 NOTE
r-oldrel-windows-ix86+x86_64 0.6.0 96.00 220.00 316.00 OK

Check Details

Version: 0.6.0
Check: dependencies in R code
Result: NOTE
    Namespaces in Imports field not imported from:
     ‘dplyr’ ‘magrittr’ ‘purrr’ ‘rsample’ ‘tibble’
     All declared Imports should be used.
Flavors: r-devel-linux-x86_64-fedora-clang, r-devel-linux-x86_64-fedora-gcc, r-release-macos-arm64, r-release-macos-x86_64, r-oldrel-macos-arm64, r-oldrel-macos-x86_64