CRAN Package Check Results for Package didimputation

Last updated on 2021-10-27 18:50:59 CEST.

Flavor Version Tinstall Tcheck Ttotal Status Flags
r-devel-linux-x86_64-debian-clang 0.1.0 35.49 122.97 158.46 OK
r-devel-linux-x86_64-debian-gcc 0.1.0 28.99 87.05 116.04 OK
r-devel-linux-x86_64-fedora-clang 0.1.0 209.86 NOTE
r-devel-linux-x86_64-fedora-gcc 0.1.0 192.63 NOTE
r-devel-windows-x86_64 0.1.0 50.00 166.00 216.00 OK
r-devel-windows-x86_64-gcc10-UCRT 0.1.0 NOTE
r-patched-linux-x86_64 0.1.0 33.52 115.30 148.82 OK
r-patched-solaris-x86 0.1.0 265.70 NOTE
r-release-linux-x86_64 0.1.0 35.43 117.50 152.93 OK
r-release-macos-arm64 0.1.0 NOTE
r-release-macos-x86_64 0.1.0 NOTE
r-release-windows-ix86+x86_64 0.1.0 66.00 267.00 333.00 OK
r-oldrel-macos-x86_64 0.1.0 NOTE
r-oldrel-windows-ix86+x86_64 0.1.0 66.00 266.00 332.00 OK

Check Details

Version: 0.1.0
Check: dependencies in R code
Result: NOTE
    Namespace in Imports field not imported from: ‘rlang’
     All declared Imports should be used.
Flavors: r-devel-linux-x86_64-fedora-clang, r-devel-linux-x86_64-fedora-gcc, r-devel-windows-x86_64-gcc10-UCRT, r-patched-solaris-x86, r-release-macos-arm64, r-release-macos-x86_64, r-oldrel-macos-x86_64